CRAN Package Check Results for Package BlockCov

Last updated on 2024-02-26 08:48:39 CET.

Flavor Version Tinstall Tcheck Ttotal Status Flags
r-devel-linux-x86_64-debian-clang 0.1.1 9.41 93.79 103.20 NOTE
r-devel-linux-x86_64-debian-gcc 0.1.1 8.84 70.07 78.91 NOTE
r-devel-linux-x86_64-fedora-clang 0.1.1 128.82 NOTE
r-devel-linux-x86_64-fedora-gcc 0.1.1 147.55 NOTE
r-devel-windows-x86_64 0.1.1 10.00 83.00 93.00 NOTE
r-patched-linux-x86_64 0.1.1 10.29 89.51 99.80 NOTE
r-release-linux-x86_64 0.1.1 10.80 90.62 101.42 NOTE
r-release-macos-arm64 0.1.1 53.00 NOTE
r-release-macos-x86_64 0.1.1 84.00 NOTE
r-release-windows-x86_64 0.1.1 13.00 97.00 110.00 NOTE
r-oldrel-macos-arm64 0.1.1 42.00 NOTE
r-oldrel-windows-x86_64 0.1.1 12.00 105.00 117.00 NOTE

Check Details

Version: 0.1.1
Check: LazyData
Result: NOTE 'LazyData' is specified without a 'data' directory Flavors: r-devel-linux-x86_64-debian-clang, r-devel-linux-x86_64-debian-gcc, r-devel-linux-x86_64-fedora-clang, r-devel-linux-x86_64-fedora-gcc, r-devel-windows-x86_64, r-patched-linux-x86_64, r-release-linux-x86_64, r-release-macos-arm64, r-release-macos-x86_64, r-release-windows-x86_64, r-oldrel-macos-arm64, r-oldrel-windows-x86_64