CRAN Package Check Results for Package BivGeo

Last updated on 2023-01-26 06:52:51 CET.

Flavor Version Tinstall Tcheck Ttotal Status Flags
r-devel-linux-x86_64-debian-clang 2.0.1 2.53 25.32 27.85 NOTE
r-devel-linux-x86_64-debian-gcc 2.0.1 2.11 19.48 21.59 NOTE
r-devel-linux-x86_64-fedora-clang 2.0.1 37.60 NOTE
r-devel-linux-x86_64-fedora-gcc 2.0.1 34.59 NOTE
r-devel-windows-x86_64 2.0.1 10.00 54.00 64.00 NOTE
r-patched-linux-x86_64 2.0.1 2.23 24.27 26.50 NOTE
r-release-linux-x86_64 2.0.1 2.20 24.56 26.76 NOTE
r-release-macos-arm64 2.0.1 14.00 NOTE
r-release-macos-x86_64 2.0.1 22.00 NOTE
r-release-windows-x86_64 2.0.1 6.00 48.00 54.00 NOTE
r-oldrel-macos-arm64 2.0.1 20.00 NOTE
r-oldrel-macos-x86_64 2.0.1 26.00 NOTE
r-oldrel-windows-ix86+x86_64 2.0.1 6.00 41.00 47.00 NOTE

Check Details

Version: 2.0.1
Check: LazyData
Result: NOTE
     'LazyData' is specified without a 'data' directory
Flavors: r-devel-linux-x86_64-debian-clang, r-devel-linux-x86_64-debian-gcc, r-devel-linux-x86_64-fedora-clang, r-devel-linux-x86_64-fedora-gcc, r-devel-windows-x86_64, r-patched-linux-x86_64, r-release-linux-x86_64, r-release-macos-arm64, r-release-macos-x86_64, r-release-windows-x86_64, r-oldrel-macos-arm64, r-oldrel-macos-x86_64, r-oldrel-windows-ix86+x86_64