Last updated on 2023-06-08 06:57:08 CEST.
Flavor | Version | Tinstall | Tcheck | Ttotal | Status | Flags |
---|---|---|---|---|---|---|
r-devel-linux-x86_64-debian-clang | 0.2.10 | 31.94 | 60.60 | 92.54 | NOTE | |
r-devel-linux-x86_64-debian-gcc | 0.2.10 | 25.83 | 46.01 | 71.84 | NOTE | |
r-devel-linux-x86_64-fedora-clang | 0.2.10 | 127.02 | NOTE | |||
r-devel-linux-x86_64-fedora-gcc | 0.2.10 | 132.35 | NOTE | |||
r-devel-windows-x86_64 | 0.2.10 | 29.00 | 87.00 | 116.00 | NOTE | |
r-patched-linux-x86_64 | 0.2.10 | 27.46 | 57.87 | 85.33 | NOTE | |
r-release-linux-x86_64 | 0.2.10 | 25.39 | 57.62 | 83.01 | NOTE | |
r-release-macos-arm64 | 0.2.10 | 45.00 | NOTE | |||
r-release-macos-x86_64 | 0.2.10 | 66.00 | NOTE | |||
r-release-windows-x86_64 | 0.2.10 | 35.00 | 95.00 | 130.00 | NOTE | |
r-oldrel-macos-arm64 | 0.2.10 | 38.00 | NOTE | |||
r-oldrel-macos-x86_64 | 0.2.10 | 68.00 | NOTE | |||
r-oldrel-windows-x86_64 | 0.2.10 | 32.00 | 95.00 | 127.00 | NOTE |
Version: 0.2.10
Check: LazyData
Result: NOTE
'LazyData' is specified without a 'data' directory
Flavors: r-devel-linux-x86_64-debian-clang, r-devel-linux-x86_64-debian-gcc, r-devel-linux-x86_64-fedora-clang, r-devel-linux-x86_64-fedora-gcc, r-devel-windows-x86_64, r-patched-linux-x86_64, r-release-linux-x86_64, r-release-macos-arm64, r-release-macos-x86_64, r-release-windows-x86_64, r-oldrel-macos-arm64, r-oldrel-macos-x86_64, r-oldrel-windows-x86_64