CRAN Package Check Results for Package Bestie

Last updated on 2022-09-28 06:54:02 CEST.

Flavor Version Tinstall Tcheck Ttotal Status Flags
r-devel-linux-x86_64-debian-clang 0.1.5 18.32 36.46 54.78 OK
r-devel-linux-x86_64-debian-gcc 0.1.5 14.20 28.57 42.77 OK
r-devel-linux-x86_64-fedora-clang 0.1.5 90.80 NOTE
r-devel-linux-x86_64-fedora-gcc 0.1.5 80.83 NOTE
r-devel-windows-x86_64 0.1.5 20.00 81.00 101.00 OK
r-patched-linux-x86_64 0.1.5 14.18 35.37 49.55 OK
r-release-linux-x86_64 0.1.5 13.67 35.21 48.88 OK
r-release-macos-arm64 0.1.5 24.00 NOTE
r-release-macos-x86_64 0.1.5 32.00 NOTE
r-release-windows-x86_64 0.1.5 21.00 81.00 102.00 OK
r-oldrel-macos-arm64 0.1.5 26.00 NOTE
r-oldrel-macos-x86_64 0.1.5 38.00 NOTE
r-oldrel-windows-ix86+x86_64 0.1.5 46.00 86.00 132.00 OK

Check Details

Version: 0.1.5
Check: dependencies in R code
Result: NOTE
    Namespace in Imports field not imported from: ‘BiDAG’
     All declared Imports should be used.
Flavors: r-devel-linux-x86_64-fedora-clang, r-devel-linux-x86_64-fedora-gcc, r-release-macos-arm64, r-release-macos-x86_64, r-oldrel-macos-arm64, r-oldrel-macos-x86_64