CRAN Package Check Results for Package BeastJar

Last updated on 2023-03-31 07:53:20 CEST.

Flavor Version Tinstall Tcheck Ttotal Status Flags
r-devel-linux-x86_64-debian-clang 1.10.6 3.68 40.50 44.18 NOTE
r-devel-linux-x86_64-debian-gcc 1.10.6 3.45 31.59 35.04 NOTE
r-devel-linux-x86_64-fedora-clang 1.10.6 55.68 NOTE
r-devel-linux-x86_64-fedora-gcc 1.10.6 55.39 NOTE
r-devel-windows-x86_64 1.10.6 15.00 0.00 15.00 NOTE
r-patched-linux-x86_64 1.10.6 3.52 38.94 42.46 NOTE
r-release-linux-x86_64 1.10.6 3.99 40.31 44.30 NOTE
r-release-macos-arm64 1.10.6 24.00 NOTE
r-release-macos-x86_64 1.10.6 33.00 NOTE
r-release-windows-x86_64 1.10.6 11.00 74.00 85.00 NOTE
r-oldrel-macos-arm64 1.10.6 29.00 NOTE
r-oldrel-macos-x86_64 1.10.6 44.00 NOTE
r-oldrel-windows-ix86+x86_64 1.10.6 11.00 69.00 80.00 NOTE

Check Details

Version: 1.10.6
Check: LazyData
Result: NOTE
     'LazyData' is specified without a 'data' directory
Flavors: r-devel-linux-x86_64-debian-clang, r-devel-linux-x86_64-debian-gcc, r-devel-linux-x86_64-fedora-clang, r-devel-linux-x86_64-fedora-gcc, r-devel-windows-x86_64, r-patched-linux-x86_64, r-release-linux-x86_64, r-release-macos-arm64, r-release-macos-x86_64, r-release-windows-x86_64, r-oldrel-macos-arm64, r-oldrel-macos-x86_64, r-oldrel-windows-ix86+x86_64

Version: 1.10.6
Check: installed package size
Result: NOTE
     installed size is 7.8Mb
     sub-directories of 1Mb or more:
     java 7.7Mb
Flavors: r-devel-linux-x86_64-fedora-clang, r-devel-windows-x86_64, r-release-macos-arm64, r-release-macos-x86_64, r-release-windows-x86_64, r-oldrel-macos-arm64, r-oldrel-macos-x86_64, r-oldrel-windows-ix86+x86_64