Last updated on 2023-01-28 07:14:49 CET.
Flavor | Version | Tinstall | Tcheck | Ttotal | Status | Flags |
---|---|---|---|---|---|---|
r-devel-linux-x86_64-debian-clang | 2.0.3 | 109.25 | 99.14 | 208.39 | OK | |
r-devel-linux-x86_64-debian-gcc | 2.0.3 | 89.02 | 83.63 | 172.65 | OK | |
r-devel-linux-x86_64-fedora-clang | 2.0.3 | 275.69 | OK | |||
r-devel-linux-x86_64-fedora-gcc | 2.0.3 | 258.93 | OK | |||
r-devel-windows-x86_64 | 2.0.3 | 153.00 | 155.00 | 308.00 | OK | |
r-patched-linux-x86_64 | 2.0.3 | 98.20 | 98.84 | 197.04 | OK | |
r-release-linux-x86_64 | 2.0.3 | 102.84 | 101.70 | 204.54 | OK | |
r-release-macos-arm64 | 2.0.3 | 73.00 | NOTE | |||
r-release-macos-x86_64 | 2.0.3 | 90.00 | NOTE | |||
r-release-windows-x86_64 | 2.0.3 | 103.00 | 160.00 | 263.00 | OK | |
r-oldrel-macos-arm64 | 2.0.3 | 86.00 | NOTE | |||
r-oldrel-macos-x86_64 | 2.0.3 | 124.00 | NOTE | |||
r-oldrel-windows-ix86+x86_64 | 2.0.3 | 211.00 | 183.00 | 394.00 | OK |
Version: 2.0.3
Check: installed package size
Result: NOTE
installed size is 27.9Mb
sub-directories of 1Mb or more:
libs 26.9Mb
Flavors: r-release-macos-arm64, r-release-macos-x86_64, r-oldrel-macos-arm64, r-oldrel-macos-x86_64