CRAN Package Check Results for Package BayesianGLasso

Last updated on 2023-02-03 06:50:10 CET.

Flavor Version Tinstall Tcheck Ttotal Status Flags
r-devel-linux-x86_64-debian-clang 0.2.0 1.64 21.28 22.92 NOTE
r-devel-linux-x86_64-debian-gcc 0.2.0 1.50 16.75 18.25 NOTE
r-devel-linux-x86_64-fedora-clang 0.2.0 30.99 NOTE
r-devel-linux-x86_64-fedora-gcc 0.2.0 29.06 NOTE
r-patched-linux-x86_64 0.2.0 1.97 22.06 24.03 NOTE
r-release-linux-x86_64 0.2.0 1.82 22.48 24.30 NOTE
r-release-macos-arm64 0.2.0 15.00 NOTE
r-release-macos-x86_64 0.2.0 20.00 NOTE
r-release-windows-x86_64 0.2.0 22.00 50.00 72.00 NOTE
r-oldrel-macos-arm64 0.2.0 19.00 NOTE
r-oldrel-macos-x86_64 0.2.0 27.00 NOTE
r-oldrel-windows-ix86+x86_64 0.2.0 5.00 49.00 54.00 NOTE

Check Details

Version: 0.2.0
Check: LazyData
Result: NOTE
     'LazyData' is specified without a 'data' directory
Flavors: r-devel-linux-x86_64-debian-clang, r-devel-linux-x86_64-debian-gcc, r-devel-linux-x86_64-fedora-clang, r-devel-linux-x86_64-fedora-gcc, r-patched-linux-x86_64, r-release-linux-x86_64, r-release-macos-arm64, r-release-macos-x86_64, r-release-windows-x86_64, r-oldrel-macos-arm64, r-oldrel-macos-x86_64, r-oldrel-windows-ix86+x86_64