CRAN Package Check Results for Package BayesTree

Last updated on 2022-11-28 05:52:18 CET.

Flavor Version Tinstall Tcheck Ttotal Status Flags
r-devel-linux-x86_64-debian-clang 0.3-1.4 18.17 30.60 48.77 NOTE
r-devel-linux-x86_64-debian-gcc 0.3-1.4 11.90 24.73 36.63 NOTE
r-devel-linux-x86_64-fedora-clang 0.3-1.4 96.80 NOTE
r-devel-linux-x86_64-fedora-gcc 0.3-1.4 71.74 NOTE
r-devel-windows-x86_64 0.3-1.4 40.00 79.00 119.00 NOTE
r-patched-linux-x86_64 0.3-1.4 14.93 29.26 44.19 OK
r-release-linux-x86_64 0.3-1.4 14.54 29.87 44.41 OK
r-release-macos-arm64 0.3-1.4 24.00 OK
r-release-macos-x86_64 0.3-1.4 35.00 OK
r-release-windows-x86_64 0.3-1.4 46.00 72.00 118.00 OK
r-oldrel-macos-arm64 0.3-1.4 30.00 OK
r-oldrel-macos-x86_64 0.3-1.4 71.00 OK
r-oldrel-windows-ix86+x86_64 0.3-1.4 42.00 81.00 123.00 OK

Check Details

Version: 0.3-1.4
Check: Rd files
Result: NOTE
    checkRd: (-1) bart.Rd:271: Escaped LaTeX specials: \_
Flavors: r-devel-linux-x86_64-debian-clang, r-devel-linux-x86_64-debian-gcc, r-devel-linux-x86_64-fedora-clang, r-devel-linux-x86_64-fedora-gcc, r-devel-windows-x86_64

Version: 0.3-1.4
Check: compiled code
Result: NOTE
    File ‘BayesTree/libs/BayesTree.so’:
     Found no calls to: ‘R_registerRoutines’, ‘R_useDynamicSymbols’
    
    It is good practice to register native routines and to disable symbol
    search.
    
    See ‘Writing portable packages’ in the ‘Writing R Extensions’ manual.
Flavors: r-devel-linux-x86_64-fedora-clang, r-devel-linux-x86_64-fedora-gcc