Last updated on 2023-12-01 07:49:58 CET.
Flavor | Version | Tinstall | Tcheck | Ttotal | Status | Flags |
---|---|---|---|---|---|---|
r-devel-linux-x86_64-debian-clang | 0.3-1.4 | 22.58 | 29.77 | 52.35 | WARN | |
r-devel-linux-x86_64-debian-gcc | 0.3-1.4 | 15.02 | 23.68 | 38.70 | WARN | |
r-devel-linux-x86_64-fedora-clang | 0.3-1.4 | 80.69 | WARN | |||
r-devel-linux-x86_64-fedora-gcc | 0.3-1.4 | 72.35 | WARN | |||
r-devel-windows-x86_64 | 0.3-1.4 | 18.00 | 64.00 | 82.00 | WARN | |
r-patched-linux-x86_64 | 0.3-1.4 | 18.01 | 30.02 | 48.03 | NOTE | |
r-release-linux-x86_64 | 0.3-1.4 | 17.64 | 29.95 | 47.59 | NOTE | |
r-release-macos-arm64 | 0.3-1.4 | 28.00 | NOTE | |||
r-release-macos-x86_64 | 0.3-1.4 | 38.00 | NOTE | |||
r-release-windows-x86_64 | 0.3-1.4 | 28.00 | 72.00 | 100.00 | NOTE | |
r-oldrel-macos-arm64 | 0.3-1.4 | 24.00 | OK | |||
r-oldrel-macos-x86_64 | 0.3-1.4 | 35.00 | OK | |||
r-oldrel-windows-x86_64 | 0.3-1.4 | 24.00 | 67.00 | 91.00 | OK |
Version: 0.3-1.4
Check: whether package can be installed
Result: WARN
Found the following significant warnings:
mbart.cpp:406:27: warning: format specifies type 'int' but the argument has type 'ivs' (aka 'unsigned long') [-Wformat]
See ‘/home/hornik/tmp/R.check/r-devel-clang/Work/PKGS/BayesTree.Rcheck/00install.out’ for details.
* used C++ compiler: ‘Debian clang version 17.0.5 (1)’
Flavor: r-devel-linux-x86_64-debian-clang
Version: 0.3-1.4
Check: Rd files
Result: NOTE
checkRd: (-1) bart.Rd:271: Escaped LaTeX specials: \_
Flavors: r-devel-linux-x86_64-debian-clang, r-devel-linux-x86_64-debian-gcc, r-devel-linux-x86_64-fedora-clang, r-devel-linux-x86_64-fedora-gcc, r-devel-windows-x86_64, r-patched-linux-x86_64, r-release-linux-x86_64, r-release-macos-arm64, r-release-macos-x86_64, r-release-windows-x86_64
Version: 0.3-1.4
Check: whether package can be installed
Result: WARN
Found the following significant warnings:
mbart.cpp:406:18: warning: format ‘%d’ expects argument of type ‘int’, but argument 2 has type ‘ivs’ {aka ‘long unsigned int’} [-Wformat=]
See ‘/home/hornik/tmp/R.check/r-devel-gcc/Work/PKGS/BayesTree.Rcheck/00install.out’ for details.
* used C++ compiler: ‘g++-13 (Debian 13.2.0-5) 13.2.0’
Flavor: r-devel-linux-x86_64-debian-gcc
Version: 0.3-1.4
Check: whether package can be installed
Result: WARN
Found the following significant warnings:
mbart.cpp:406:27: warning: format specifies type 'int' but the argument has type 'ivs' (aka 'unsigned long') [-Wformat]
See ‘/data/gannet/ripley/R/packages/tests-clang/BayesTree.Rcheck/00install.out’ for details.
* used C++ compiler: ‘clang version 17.0.5’
Flavor: r-devel-linux-x86_64-fedora-clang
Version: 0.3-1.4
Check: compiled code
Result: NOTE
File ‘BayesTree/libs/BayesTree.so’:
Found no calls to: ‘R_registerRoutines’, ‘R_useDynamicSymbols’
It is good practice to register native routines and to disable symbol
search.
See ‘Writing portable packages’ in the ‘Writing R Extensions’ manual.
Flavors: r-devel-linux-x86_64-fedora-clang, r-devel-linux-x86_64-fedora-gcc
Version: 0.3-1.4
Check: whether package can be installed
Result: WARN
Found the following significant warnings:
mbart.cpp:406:18: warning: format '%d' expects argument of type 'int', but argument 2 has type 'ivs' {aka 'long unsigned int'} [-Wformat=]
See ‘/data/gannet/ripley/R/packages/tests-devel/BayesTree.Rcheck/00install.out’ for details.
* used C++ compiler: ‘g++-13 (GCC) 13.2.0’
Flavor: r-devel-linux-x86_64-fedora-gcc
Version: 0.3-1.4
Check: whether package can be installed
Result: WARN
Found the following significant warnings:
mbart.cpp:406:18: warning: format '%d' expects argument of type 'int', but argument 2 has type 'ivs' {aka 'long long unsigned int'} [-Wformat=]
See 'd:/Rcompile/CRANpkg/local/4.4/BayesTree.Rcheck/00install.out' for details.
* used C++ compiler: 'g++.exe (GCC) 12.3.0'
Flavor: r-devel-windows-x86_64