Last updated on 2023-02-07 07:53:54 CET.
Flavor | Version | Tinstall | Tcheck | Ttotal | Status | Flags |
---|---|---|---|---|---|---|
r-devel-linux-x86_64-debian-clang | 0.1.5 | 617.66 | 199.73 | 817.39 | NOTE | |
r-devel-linux-x86_64-debian-gcc | 0.1.5 | 591.28 | 180.24 | 771.52 | NOTE | |
r-devel-linux-x86_64-fedora-clang | 0.1.5 | 1028.16 | NOTE | |||
r-devel-linux-x86_64-fedora-gcc | 0.1.5 | 1274.29 | NOTE | |||
r-devel-windows-x86_64 | 0.1.5 | 459.00 | 315.00 | 774.00 | NOTE | |
r-patched-linux-x86_64 | 0.1.5 | 569.28 | 227.33 | 796.61 | NOTE | |
r-release-linux-x86_64 | 0.1.5 | 540.76 | 230.66 | 771.42 | NOTE | |
r-release-macos-arm64 | 0.1.5 | 219.00 | NOTE | |||
r-release-macos-x86_64 | 0.1.5 | 376.00 | NOTE | |||
r-release-windows-x86_64 | 0.1.5 | 430.00 | 310.00 | 740.00 | NOTE | |
r-oldrel-macos-arm64 | 0.1.5 | 292.00 | NOTE | |||
r-oldrel-macos-x86_64 | 0.1.5 | 374.00 | NOTE | |||
r-oldrel-windows-ix86+x86_64 | 0.1.5 | 1443.00 | 398.00 | 1841.00 | NOTE |
Version: 0.1.5
Check: C++ specification
Result: NOTE
Specified C++14: please update to current default of C++17
Flavors: r-devel-linux-x86_64-debian-clang, r-devel-linux-x86_64-debian-gcc, r-devel-linux-x86_64-fedora-clang, r-devel-linux-x86_64-fedora-gcc, r-devel-windows-x86_64
Version: 0.1.5
Check: for GNU extensions in Makefiles
Result: NOTE
GNU make is a SystemRequirements.
Flavors: r-devel-linux-x86_64-debian-clang, r-devel-linux-x86_64-debian-gcc, r-devel-linux-x86_64-fedora-clang, r-devel-linux-x86_64-fedora-gcc, r-devel-windows-x86_64, r-patched-linux-x86_64, r-release-linux-x86_64, r-release-macos-arm64, r-release-macos-x86_64, r-release-windows-x86_64, r-oldrel-macos-arm64, r-oldrel-macos-x86_64, r-oldrel-windows-ix86+x86_64
Version: 0.1.5
Check: installed package size
Result: NOTE
installed size is 6.6Mb
sub-directories of 1Mb or more:
libs 6.3Mb
Flavors: r-devel-linux-x86_64-fedora-clang, r-devel-windows-x86_64, r-release-macos-arm64, r-release-macos-x86_64, r-release-windows-x86_64, r-oldrel-macos-arm64, r-oldrel-macos-x86_64, r-oldrel-windows-ix86+x86_64
Version: 0.1.5
Check: dependencies in R code
Result: NOTE
Namespaces in Imports field not imported from:
‘RcppParallel’ ‘rstantools’
All declared Imports should be used.
Flavors: r-devel-linux-x86_64-fedora-clang, r-devel-linux-x86_64-fedora-gcc, r-release-macos-arm64, r-release-macos-x86_64, r-oldrel-macos-arm64, r-oldrel-macos-x86_64