Last updated on 2023-02-05 07:57:14 CET.
Flavor | Version | Tinstall | Tcheck | Ttotal | Status | Flags |
---|---|---|---|---|---|---|
r-devel-linux-x86_64-debian-clang | 2.1-3 | 228.85 | 132.20 | 361.05 | OK | |
r-devel-linux-x86_64-debian-gcc | 2.1-3 | 177.89 | 109.09 | 286.98 | OK | |
r-devel-linux-x86_64-fedora-clang | 2.1-3 | 467.72 | OK | |||
r-devel-linux-x86_64-fedora-gcc | 2.1-3 | 459.08 | OK | |||
r-devel-windows-x86_64 | 2.1-3 | 289.00 | 172.00 | 461.00 | OK | |
r-patched-linux-x86_64 | 2.1-3 | 192.62 | 126.82 | 319.44 | OK | |
r-release-linux-x86_64 | 2.1-3 | 191.57 | 130.06 | 321.63 | OK | |
r-release-macos-arm64 | 2.1-3 | 102.00 | NOTE | |||
r-release-macos-x86_64 | 2.1-3 | 139.00 | NOTE | |||
r-release-windows-x86_64 | 2.1-3 | 241.00 | 206.00 | 447.00 | OK | |
r-oldrel-macos-arm64 | 2.1-3 | 93.00 | NOTE | |||
r-oldrel-macos-x86_64 | 2.1-3 | 138.00 | NOTE | |||
r-oldrel-windows-ix86+x86_64 | 2.1-3 | 491.00 | 200.00 | 691.00 | NOTE |
Version: 2.1-3
Check: installed package size
Result: NOTE
installed size is 17.6Mb
sub-directories of 1Mb or more:
data 1.5Mb
libs 15.3Mb
Flavors: r-release-macos-arm64, r-release-macos-x86_64, r-oldrel-macos-arm64, r-oldrel-macos-x86_64, r-oldrel-windows-ix86+x86_64