CRAN Package Check Results for Package BayesLogit

Last updated on 2022-10-01 07:07:51 CEST.

Flavor Version Tinstall Tcheck Ttotal Status Flags
r-devel-linux-x86_64-debian-clang 2.1 9.68 26.29 35.97 NOTE
r-devel-linux-x86_64-debian-gcc 2.1 7.08 20.75 27.83 NOTE
r-devel-linux-x86_64-fedora-clang 2.1 61.21 NOTE
r-devel-linux-x86_64-fedora-gcc 2.1 56.48 NOTE
r-devel-windows-x86_64 2.1 33.00 56.00 89.00 NOTE
r-patched-linux-x86_64 2.1 8.44 25.54 33.98 OK
r-release-linux-x86_64 2.1 7.88 25.45 33.33 OK
r-release-macos-arm64 2.1 19.00 OK
r-release-macos-x86_64 2.1 26.00 OK
r-release-windows-x86_64 2.1 18.00 59.00 77.00 OK
r-oldrel-macos-arm64 2.1 26.00 OK
r-oldrel-macos-x86_64 2.1 33.00 OK
r-oldrel-windows-ix86+x86_64 2.1 28.00 45.00 73.00 OK

Check Details

Version: 2.1
Check: package subdirectories
Result: NOTE
    Problems with news in 'NEWS.md':
    No news entries found.
Flavors: r-devel-linux-x86_64-debian-clang, r-devel-linux-x86_64-debian-gcc, r-devel-linux-x86_64-fedora-clang, r-devel-linux-x86_64-fedora-gcc, r-devel-windows-x86_64