CRAN Package Check Results for Package BayesGWQS

Last updated on 2023-01-30 09:54:05 CET.

Flavor Version Tinstall Tcheck Ttotal Status Flags
r-devel-linux-x86_64-debian-clang 0.1.1 2.60 26.78 29.38 OK
r-devel-linux-x86_64-debian-gcc 0.1.1 2.11 21.16 23.27 OK
r-devel-linux-x86_64-fedora-clang 0.1.1 39.83 NOTE
r-devel-linux-x86_64-fedora-gcc 0.1.1 37.51 NOTE
r-devel-windows-x86_64 0.1.1 10.00 56.00 66.00 OK
r-patched-linux-x86_64 0.1.1 2.59 27.37 29.96 OK
r-release-linux-x86_64 0.1.1 2.04 27.12 29.16 OK
r-release-macos-arm64 0.1.1 17.00 NOTE
r-release-macos-x86_64 0.1.1 26.00 NOTE
r-release-windows-x86_64 0.1.1 11.00 57.00 68.00 OK
r-oldrel-macos-arm64 0.1.1 17.00 NOTE
r-oldrel-macos-x86_64 0.1.1 26.00 NOTE
r-oldrel-windows-ix86+x86_64 0.1.1 6.00 52.00 58.00 OK

Check Details

Version: 0.1.1
Check: dependencies in R code
Result: NOTE
    Namespace in Imports field not imported from: ‘plyr’
     All declared Imports should be used.
Flavors: r-devel-linux-x86_64-fedora-clang, r-devel-linux-x86_64-fedora-gcc, r-release-macos-arm64, r-release-macos-x86_64, r-oldrel-macos-arm64, r-oldrel-macos-x86_64