Last updated on 2023-01-29 07:55:57 CET.
Flavor | Version | Tinstall | Tcheck | Ttotal | Status | Flags |
---|---|---|---|---|---|---|
r-devel-linux-x86_64-debian-clang | 0.5.0 | 15.78 | 196.33 | 212.11 | OK | |
r-devel-linux-x86_64-debian-gcc | 0.5.0 | 12.07 | 143.02 | 155.09 | OK | |
r-devel-linux-x86_64-fedora-clang | 0.5.0 | 254.45 | NOTE | |||
r-devel-linux-x86_64-fedora-gcc | 0.5.0 | 243.96 | NOTE | |||
r-devel-windows-x86_64 | 0.5.0 | 148.00 | 233.00 | 381.00 | OK | |
r-patched-linux-x86_64 | 0.5.0 | 19.98 | 181.52 | 201.50 | OK | |
r-release-linux-x86_64 | 0.5.0 | 13.67 | 183.26 | 196.93 | OK | |
r-release-macos-arm64 | 0.5.0 | 68.00 | NOTE | |||
r-release-macos-x86_64 | 0.5.0 | 110.00 | NOTE | |||
r-release-windows-x86_64 | 0.5.0 | 175.00 | 226.00 | 401.00 | OK | |
r-oldrel-macos-arm64 | 0.5.0 | 79.00 | NOTE | |||
r-oldrel-macos-x86_64 | 0.5.0 | 131.00 | NOTE | |||
r-oldrel-windows-ix86+x86_64 | 0.5.0 | 36.00 | 218.00 | 254.00 | OK |
Version: 0.5.0
Check: package dependencies
Result: NOTE
Imports includes 25 non-default packages.
Importing from so many packages makes the package vulnerable to any of
them becoming unavailable. Move as many as possible to Suggests and
use conditionally.
Flavor: r-devel-linux-x86_64-fedora-clang
Version: 0.5.0
Check: dependencies in R code
Result: NOTE
Namespaces in Imports field not imported from:
‘circlize’ ‘hexbin’ ‘scales’ ‘sna’
All declared Imports should be used.
Flavors: r-devel-linux-x86_64-fedora-clang, r-devel-linux-x86_64-fedora-gcc, r-release-macos-arm64, r-release-macos-x86_64, r-oldrel-macos-arm64, r-oldrel-macos-x86_64