Last updated on 2023-01-27 07:50:27 CET.
Flavor | Version | Tinstall | Tcheck | Ttotal | Status | Flags |
---|---|---|---|---|---|---|
r-devel-linux-x86_64-debian-clang | 1.3.1 | 63.62 | 33.73 | 97.35 | OK | |
r-devel-linux-x86_64-debian-gcc | 1.3.1 | 48.19 | 26.67 | 74.86 | OK | |
r-devel-linux-x86_64-fedora-clang | 1.3.1 | 152.54 | OK | |||
r-devel-linux-x86_64-fedora-gcc | 1.3.1 | 135.25 | OK | |||
r-devel-windows-x86_64 | 1.3.1 | 60.00 | 85.00 | 145.00 | OK | |
r-patched-linux-x86_64 | 1.3.1 | 52.52 | 34.34 | 86.86 | OK | |
r-release-linux-x86_64 | 1.3.1 | 53.02 | 33.34 | 86.36 | OK | |
r-release-macos-arm64 | 1.3.1 | 39.00 | NOTE | |||
r-release-macos-x86_64 | 1.3.1 | 55.00 | NOTE | |||
r-release-windows-x86_64 | 1.3.1 | 55.00 | 93.00 | 148.00 | OK | |
r-oldrel-macos-arm64 | 1.3.1 | 44.00 | NOTE | |||
r-oldrel-macos-x86_64 | 1.3.1 | 80.00 | NOTE | |||
r-oldrel-windows-ix86+x86_64 | 1.3.1 | 160.00 | 102.00 | 262.00 | NOTE |
Version: 1.3.1
Check: installed package size
Result: NOTE
installed size is 6.3Mb
sub-directories of 1Mb or more:
data 2.8Mb
libs 3.4Mb
Flavors: r-release-macos-arm64, r-release-macos-x86_64, r-oldrel-macos-arm64, r-oldrel-macos-x86_64, r-oldrel-windows-ix86+x86_64