Last updated on 2023-01-28 07:14:49 CET.
Flavor | Version | Tinstall | Tcheck | Ttotal | Status | Flags |
---|---|---|---|---|---|---|
r-devel-linux-x86_64-debian-clang | 0.3.6 | 48.06 | 43.36 | 91.42 | OK | |
r-devel-linux-x86_64-debian-gcc | 0.3.6 | 34.82 | 36.74 | 71.56 | NOTE | |
r-devel-linux-x86_64-fedora-clang | 0.3.6 | 123.32 | OK | |||
r-devel-linux-x86_64-fedora-gcc | 0.3.6 | 105.49 | NOTE | |||
r-devel-windows-x86_64 | 0.3.6 | 41.00 | 88.00 | 129.00 | OK | |
r-patched-linux-x86_64 | 0.3.6 | 42.54 | 43.04 | 85.58 | OK | |
r-release-linux-x86_64 | 0.3.6 | 42.15 | 43.71 | 85.86 | OK | |
r-release-macos-arm64 | 0.3.6 | 32.00 | OK | |||
r-release-macos-x86_64 | 0.3.6 | 43.00 | OK | |||
r-release-windows-x86_64 | 0.3.6 | 44.00 | 92.00 | 136.00 | OK | |
r-oldrel-macos-arm64 | 0.3.6 | 37.00 | OK | |||
r-oldrel-macos-x86_64 | 0.3.6 | 42.00 | OK | |||
r-oldrel-windows-ix86+x86_64 | 0.3.6 | 96.00 | 100.00 | 196.00 | OK |
Version: 0.3.6
Check: C++ specification
Result: NOTE
Specified C++11: please update to current default of C++17
Flavors: r-devel-linux-x86_64-debian-gcc, r-devel-linux-x86_64-fedora-gcc