CRAN Package Check Results for Package BTM

Last updated on 2024-02-23 07:52:04 CET.

Flavor Version Tinstall Tcheck Ttotal Status Flags
r-devel-linux-x86_64-debian-clang 0.3.7 NOTE
r-devel-linux-x86_64-debian-gcc 0.3.7 34.85 36.67 71.52 NOTE
r-devel-linux-x86_64-fedora-clang 0.3.7 127.46 NOTE
r-devel-linux-x86_64-fedora-gcc 0.3.7 129.03 NOTE
r-devel-windows-x86_64 0.3.7 33.00 68.00 101.00 OK
r-patched-linux-x86_64 0.3.7 44.88 44.03 88.91 OK
r-release-linux-x86_64 0.3.7 43.30 44.17 87.47 OK
r-release-macos-arm64 0.3.7 32.00 OK
r-release-macos-x86_64 0.3.7 54.00 OK
r-release-windows-x86_64 0.3.7 32.00 82.00 114.00 OK
r-oldrel-macos-arm64 0.3.7 33.00 OK
r-oldrel-windows-x86_64 0.3.7 44.00 82.00 126.00 OK

Check Details

Version: 0.3.7
Check: Rd files
Result: NOTE checkRd: (-1) terms.BTM.Rd:23-25: Lost braces in \itemize; \value handles \item{}{} directly checkRd: (-1) terms.BTM.Rd:26-32: Lost braces in \itemize; \value handles \item{}{} directly checkRd: (-1) terms.data.frame.Rd:25-31: Lost braces in \itemize; \value handles \item{}{} directly checkRd: (-1) terms.data.frame.Rd:32-38: Lost braces in \itemize; \value handles \item{}{} directly Flavors: r-devel-linux-x86_64-debian-clang, r-devel-linux-x86_64-debian-gcc, r-devel-linux-x86_64-fedora-clang, r-devel-linux-x86_64-fedora-gcc