CRAN Package Check Results for Package BSS

Last updated on 2023-01-27 07:50:28 CET.

Flavor Version Tinstall Tcheck Ttotal Status Flags
r-devel-linux-x86_64-debian-clang 0.1.0 3.48 31.13 34.61 NOTE
r-devel-linux-x86_64-debian-gcc 0.1.0 2.42 24.55 26.97 NOTE
r-devel-linux-x86_64-fedora-clang 0.1.0 45.58 NOTE
r-devel-linux-x86_64-fedora-gcc 0.1.0 43.06 NOTE
r-devel-windows-x86_64 0.1.0 13.00 62.00 75.00 NOTE
r-patched-linux-x86_64 0.1.0 3.51 30.24 33.75 NOTE
r-release-linux-x86_64 0.1.0 3.31 30.77 34.08 NOTE
r-release-macos-arm64 0.1.0 20.00 NOTE
r-release-macos-x86_64 0.1.0 24.00 NOTE
r-release-windows-x86_64 0.1.0 16.00 62.00 78.00 NOTE
r-oldrel-macos-arm64 0.1.0 23.00 NOTE
r-oldrel-macos-x86_64 0.1.0 28.00 NOTE
r-oldrel-windows-ix86+x86_64 0.1.0 6.00 57.00 63.00 NOTE

Check Details

Version: 0.1.0
Check: LazyData
Result: NOTE
     'LazyData' is specified without a 'data' directory
Flavors: r-devel-linux-x86_64-debian-clang, r-devel-linux-x86_64-debian-gcc, r-devel-linux-x86_64-fedora-clang, r-devel-linux-x86_64-fedora-gcc, r-devel-windows-x86_64, r-patched-linux-x86_64, r-release-linux-x86_64, r-release-macos-arm64, r-release-macos-x86_64, r-release-windows-x86_64, r-oldrel-macos-arm64, r-oldrel-macos-x86_64, r-oldrel-windows-ix86+x86_64