CRAN Package Check Results for Package BSPBSS

Last updated on 2023-02-01 06:56:05 CET.

Flavor Version Tinstall Tcheck Ttotal Status Flags
r-devel-linux-x86_64-debian-clang 1.0.5 50.60 168.19 218.79 NOTE
r-devel-linux-x86_64-debian-gcc 1.0.5 40.20 122.83 163.03 NOTE
r-devel-linux-x86_64-fedora-clang 1.0.5 290.24 NOTE
r-devel-linux-x86_64-fedora-gcc 1.0.5 292.89 NOTE
r-devel-windows-x86_64 1.0.5 59.00 216.00 275.00 NOTE
r-patched-linux-x86_64 1.0.5 43.03 161.36 204.39 NOTE
r-release-linux-x86_64 1.0.5 44.42 167.51 211.93 NOTE
r-release-macos-arm64 1.0.5 73.00 NOTE
r-release-macos-x86_64 1.0.5 101.00 NOTE
r-release-windows-x86_64 1.0.5 57.00 219.00 276.00 NOTE
r-oldrel-macos-arm64 1.0.5 73.00 NOTE
r-oldrel-macos-x86_64 1.0.5 106.00 NOTE
r-oldrel-windows-ix86+x86_64 1.0.5 120.00 245.00 365.00 NOTE

Check Details

Version: 1.0.5
Check: C++ specification
Result: NOTE
     Specified C++11: please update to current default of C++17
Flavors: r-devel-linux-x86_64-debian-clang, r-devel-linux-x86_64-debian-gcc, r-devel-linux-x86_64-fedora-clang, r-devel-linux-x86_64-fedora-gcc, r-devel-windows-x86_64

Version: 1.0.5
Check: for GNU extensions in Makefiles
Result: NOTE
    GNU make is a SystemRequirements.
Flavors: r-devel-linux-x86_64-debian-clang, r-devel-linux-x86_64-debian-gcc, r-devel-linux-x86_64-fedora-clang, r-devel-linux-x86_64-fedora-gcc, r-devel-windows-x86_64, r-patched-linux-x86_64, r-release-linux-x86_64, r-release-macos-arm64, r-release-macos-x86_64, r-release-windows-x86_64, r-oldrel-macos-arm64, r-oldrel-macos-x86_64, r-oldrel-windows-ix86+x86_64