Last updated on 2023-05-31 07:57:26 CEST.
Flavor | Version | Tinstall | Tcheck | Ttotal | Status | Flags |
---|---|---|---|---|---|---|
r-devel-linux-x86_64-debian-clang | 2.2.3 | 84.34 | 155.26 | 239.60 | OK | |
r-devel-linux-x86_64-debian-gcc | 2.2.3 | 85.92 | 113.96 | 199.88 | OK | |
r-devel-linux-x86_64-fedora-clang | 2.2.3 | 277.54 | OK | |||
r-devel-linux-x86_64-fedora-gcc | 2.2.3 | 352.78 | OK | |||
r-devel-windows-x86_64 | 2.2.3 | 66.00 | 127.00 | 193.00 | OK | |
r-patched-linux-x86_64 | 2.2.3 | 84.03 | 146.06 | 230.09 | OK | |
r-release-linux-x86_64 | 2.2.3 | 74.45 | 142.47 | 216.92 | OK | |
r-release-macos-arm64 | 2.2.3 | 81.00 | NOTE | |||
r-release-macos-x86_64 | 2.2.2 | 158.00 | NOTE | |||
r-release-windows-x86_64 | 2.2.3 | 91.00 | 156.00 | 247.00 | OK | |
r-oldrel-macos-arm64 | 2.2.3 | 124.00 | NOTE | |||
r-oldrel-macos-x86_64 | 2.2.3 | 181.00 | NOTE | |||
r-oldrel-windows-x86_64 | 2.2.3 | 90.00 | 140.00 | 230.00 | OK |
Version: 2.2.3
Check: installed package size
Result: NOTE
installed size is 5.2Mb
sub-directories of 1Mb or more:
libs 4.8Mb
Flavors: r-release-macos-arm64, r-oldrel-macos-arm64, r-oldrel-macos-x86_64
Version: 2.2.2
Check: installed package size
Result: NOTE
installed size is 6.9Mb
sub-directories of 1Mb or more:
libs 6.5Mb
Flavor: r-release-macos-x86_64