CRAN Package Check Results for Package BNPmix

Last updated on 2023-01-29 07:55:57 CET.

Flavor Version Tinstall Tcheck Ttotal Status Flags
r-devel-linux-x86_64-debian-clang 1.0.2 229.91 116.60 346.51 OK
r-devel-linux-x86_64-debian-gcc 1.0.2 204.50 87.70 292.20 NOTE
r-devel-linux-x86_64-fedora-clang 1.0.2 569.69 OK
r-devel-linux-x86_64-fedora-gcc 1.0.2 505.55 NOTE
r-devel-windows-x86_64 1.0.2 185.00 214.00 399.00 NOTE
r-patched-linux-x86_64 1.0.2 214.93 110.36 325.29 OK
r-release-linux-x86_64 1.0.2 182.00 110.15 292.15 OK
r-release-macos-arm64 1.0.2 134.00 NOTE
r-release-macos-x86_64 1.0.2 159.00 NOTE
r-release-windows-x86_64 1.0.2 177.00 201.00 378.00 OK
r-oldrel-macos-arm64 1.0.2 132.00 NOTE
r-oldrel-macos-x86_64 1.0.2 156.00 NOTE
r-oldrel-windows-ix86+x86_64 1.0.2 558.00 186.00 744.00 NOTE

Check Details

Version: 1.0.2
Check: C++ specification
Result: NOTE
     Specified C++11: please update to current default of C++17
Flavors: r-devel-linux-x86_64-debian-gcc, r-devel-linux-x86_64-fedora-gcc, r-devel-windows-x86_64

Version: 1.0.2
Check: installed package size
Result: NOTE
     installed size is 16.2Mb
     sub-directories of 1Mb or more:
     libs 15.0Mb
Flavors: r-release-macos-arm64, r-release-macos-x86_64, r-oldrel-macos-arm64, r-oldrel-macos-x86_64, r-oldrel-windows-ix86+x86_64