Last updated on 2023-02-08 06:56:18 CET.
Flavor | Version | Tinstall | Tcheck | Ttotal | Status | Flags |
---|---|---|---|---|---|---|
r-devel-linux-x86_64-debian-clang | 2.5.2 | 137.87 | 311.89 | 449.76 | NOTE | |
r-devel-linux-x86_64-debian-gcc | 2.5.2 | 105.62 | 223.90 | 329.52 | NOTE | |
r-devel-linux-x86_64-fedora-clang | 2.5.2 | 572.69 | NOTE | |||
r-devel-linux-x86_64-fedora-gcc | 2.5.2 | 576.73 | NOTE | |||
r-devel-windows-x86_64 | 2.5.2 | 263.00 | 366.00 | 629.00 | NOTE | |
r-patched-linux-x86_64 | 2.5.2 | 102.08 | 299.74 | 401.82 | NOTE | |
r-release-linux-x86_64 | 2.5.2 | 110.47 | 299.43 | 409.90 | NOTE | |
r-release-macos-arm64 | 2.5.2 | 139.00 | NOTE | |||
r-release-macos-x86_64 | 2.5.2 | 179.00 | NOTE | |||
r-release-windows-x86_64 | 2.5.2 | 110.00 | 377.00 | 487.00 | NOTE | |
r-oldrel-macos-arm64 | 2.5.2 | 134.00 | NOTE | |||
r-oldrel-macos-x86_64 | 2.5.2 | 182.00 | NOTE | |||
r-oldrel-windows-ix86+x86_64 | 2.5.2 | 288.00 | 456.00 | 744.00 | NOTE |
Version: 2.5.2
Check: C++ specification
Result: NOTE
Specified C++11: please update to current default of C++17
Flavors: r-devel-linux-x86_64-debian-clang, r-devel-windows-x86_64
Version: 2.5.2
Check: for GNU extensions in Makefiles
Result: NOTE
GNU make is a SystemRequirements.
Flavors: r-devel-linux-x86_64-debian-clang, r-devel-linux-x86_64-debian-gcc, r-devel-linux-x86_64-fedora-clang, r-devel-linux-x86_64-fedora-gcc, r-devel-windows-x86_64, r-patched-linux-x86_64, r-release-linux-x86_64, r-release-macos-arm64, r-release-macos-x86_64, r-release-windows-x86_64, r-oldrel-macos-arm64, r-oldrel-macos-x86_64, r-oldrel-windows-ix86+x86_64
Version: 2.5.2
Check: C++ specification
Result: NOTE
Specified C++11: please drop specification unless essential
Flavors: r-devel-linux-x86_64-debian-gcc, r-devel-linux-x86_64-fedora-clang, r-devel-linux-x86_64-fedora-gcc
Version: 2.5.2
Check: data for non-ASCII characters
Result: NOTE
Note: found 582 marked UTF-8 strings
Flavors: r-devel-linux-x86_64-fedora-clang, r-devel-linux-x86_64-fedora-gcc, r-release-macos-arm64, r-release-macos-x86_64, r-oldrel-macos-arm64, r-oldrel-macos-x86_64
Version: 2.5.2
Check: installed package size
Result: NOTE
installed size is 5.6Mb
sub-directories of 1Mb or more:
doc 2.9Mb
libs 1.3Mb
Flavors: r-devel-windows-x86_64, r-release-macos-arm64, r-release-macos-x86_64, r-release-windows-x86_64, r-oldrel-macos-arm64, r-oldrel-macos-x86_64, r-oldrel-windows-ix86+x86_64