CRAN Package Check Results for Package BFpack

Last updated on 2024-02-21 07:52:21 CET.

Flavor Version Tinstall Tcheck Ttotal Status Flags
r-devel-linux-x86_64-debian-clang 1.2.3 OK
r-devel-linux-x86_64-debian-gcc 1.2.3 24.42 132.77 157.19 OK
r-devel-linux-x86_64-fedora-clang 1.2.3 256.80 NOTE
r-devel-linux-x86_64-fedora-gcc 1.2.3 262.64 OK
r-devel-windows-x86_64 1.2.3 26.00 155.00 181.00 OK
r-patched-linux-x86_64 1.2.3 21.65 180.61 202.26 OK
r-release-linux-x86_64 1.2.3 20.21 177.44 197.65 OK
r-release-macos-arm64 1.2.3 80.00 OK
r-release-macos-x86_64 1.2.3 164.00 OK
r-release-windows-x86_64 1.2.3 35.00 171.00 206.00 OK
r-oldrel-macos-arm64 1.2.3 81.00 OK
r-oldrel-windows-x86_64 1.2.3 33.00 173.00 206.00 OK

Additional issues

Intel

Check Details

Version: 1.2.3
Check: installed package size
Result: NOTE installed size is 8.1Mb sub-directories of 1Mb or more: libs 7.3Mb Flavor: r-devel-linux-x86_64-fedora-clang