Last updated on 2023-02-08 06:56:18 CET.
Flavor | Version | Tinstall | Tcheck | Ttotal | Status | Flags |
---|---|---|---|---|---|---|
r-devel-linux-x86_64-debian-clang | 2.72 | 55.37 | 127.29 | 182.66 | NOTE | |
r-devel-linux-x86_64-debian-gcc | 2.72 | 54.23 | 153.42 | 207.65 | NOTE | |
r-devel-linux-x86_64-fedora-clang | 2.72 | 208.12 | NOTE | |||
r-devel-linux-x86_64-fedora-gcc | 2.72 | 235.79 | NOTE | |||
r-devel-windows-x86_64 | 2.72 | 128.00 | 153.00 | 281.00 | NOTE | |
r-patched-linux-x86_64 | 2.72 | 55.03 | 118.55 | 173.58 | OK | |
r-release-linux-x86_64 | 2.72 | 53.12 | 153.50 | 206.62 | OK | |
r-release-macos-arm64 | 2.72 | 51.00 | NOTE | |||
r-release-macos-x86_64 | 2.72 | 68.00 | OK | |||
r-release-windows-x86_64 | 2.72 | 77.00 | 137.00 | 214.00 | OK | |
r-oldrel-macos-arm64 | 2.72 | 50.00 | NOTE | |||
r-oldrel-macos-x86_64 | 2.72 | 72.00 | OK | |||
r-oldrel-windows-ix86+x86_64 | 2.72 | 112.00 | 126.00 | 238.00 | OK |
Version: 2.72
Check: C++ specification
Result: NOTE
Specified C++11: please update to current default of C++17
Flavors: r-devel-linux-x86_64-debian-clang, r-devel-windows-x86_64
Version: 2.72
Check: C++ specification
Result: NOTE
Specified C++11: please drop specification unless essential
Flavors: r-devel-linux-x86_64-debian-gcc, r-devel-linux-x86_64-fedora-clang, r-devel-linux-x86_64-fedora-gcc
Version: 2.72
Check: installed package size
Result: NOTE
installed size is 5.1Mb
sub-directories of 1Mb or more:
libs 3.5Mb
Flavors: r-release-macos-arm64, r-oldrel-macos-arm64