Last updated on 2023-02-07 07:53:54 CET.
Flavor | Version | Tinstall | Tcheck | Ttotal | Status | Flags |
---|---|---|---|---|---|---|
r-devel-linux-x86_64-debian-clang | 2.2.0 | 10.22 | 97.10 | 107.32 | NOTE | |
r-devel-linux-x86_64-debian-gcc | 2.2.0 | 6.37 | 74.37 | 80.74 | NOTE | |
r-devel-linux-x86_64-fedora-clang | 2.2.0 | 134.34 | NOTE | |||
r-devel-linux-x86_64-fedora-gcc | 2.2.0 | 134.46 | NOTE | |||
r-devel-windows-x86_64 | 2.2.0 | 17.00 | 122.00 | 139.00 | NOTE | |
r-patched-linux-x86_64 | 2.2.0 | 12.13 | 91.77 | 103.90 | OK | |
r-release-linux-x86_64 | 2.2.0 | 9.81 | 91.74 | 101.55 | OK | |
r-release-macos-arm64 | 2.2.0 | 48.00 | OK | |||
r-release-macos-x86_64 | 2.2.0 | 56.00 | OK | |||
r-release-windows-x86_64 | 2.2.0 | 17.00 | 131.00 | 148.00 | OK | |
r-oldrel-macos-arm64 | 2.2.0 | 43.00 | OK | |||
r-oldrel-macos-x86_64 | 2.2.0 | 55.00 | OK | |||
r-oldrel-windows-ix86+x86_64 | 2.2.0 | 22.00 | 123.00 | 145.00 | OK |
Version: 2.2.0
Check: Rd files
Result: NOTE
checkRd: (-1) tlsce.Rd:51: Escaped LaTeX specials: \_
checkRd: (-1) tlsce.Rd:55: Escaped LaTeX specials: \_
checkRd: (-1) tlsce.Rd:90: Escaped LaTeX specials: \_
checkRd: (-1) tlsce.Rd:93: Escaped LaTeX specials: \_
Flavors: r-devel-linux-x86_64-debian-clang, r-devel-linux-x86_64-debian-gcc, r-devel-linux-x86_64-fedora-clang, r-devel-linux-x86_64-fedora-gcc, r-devel-windows-x86_64