Last updated on 2023-02-02 06:54:44 CET.
Flavor | Version | Tinstall | Tcheck | Ttotal | Status | Flags |
---|---|---|---|---|---|---|
r-devel-linux-x86_64-debian-clang | 1.0.3 | 5.85 | 61.78 | 67.63 | OK | |
r-devel-linux-x86_64-debian-gcc | 1.0.3 | 4.25 | 46.10 | 50.35 | OK | |
r-devel-linux-x86_64-fedora-clang | 1.0.3 | 87.90 | NOTE | |||
r-devel-linux-x86_64-fedora-gcc | 1.0.3 | 86.72 | NOTE | |||
r-patched-linux-x86_64 | 1.0.3 | 6.93 | 59.06 | 65.99 | OK | |
r-release-linux-x86_64 | 1.0.3 | 6.57 | 65.78 | 72.35 | OK | |
r-release-macos-arm64 | 1.0.3 | 35.00 | NOTE | |||
r-release-macos-x86_64 | 1.0.3 | 69.00 | NOTE | |||
r-release-windows-x86_64 | 1.0.3 | 17.00 | 122.00 | 139.00 | OK | |
r-oldrel-macos-arm64 | 1.0.3 | 45.00 | NOTE | |||
r-oldrel-macos-x86_64 | 1.0.3 | 47.00 | NOTE | |||
r-oldrel-windows-ix86+x86_64 | 1.0.3 | 16.00 | 110.00 | 126.00 | OK |
Version: 1.0.3
Check: dependencies in R code
Result: NOTE
Namespace in Imports field not imported from: ‘Rdpack’
All declared Imports should be used.
Flavors: r-devel-linux-x86_64-fedora-clang, r-devel-linux-x86_64-fedora-gcc, r-release-macos-arm64, r-release-macos-x86_64, r-oldrel-macos-arm64, r-oldrel-macos-x86_64