Last updated on 2023-01-27 07:50:27 CET.
Flavor | Version | Tinstall | Tcheck | Ttotal | Status | Flags |
---|---|---|---|---|---|---|
r-devel-linux-x86_64-debian-clang | 0.1-8 | 11.60 | 78.01 | 89.61 | NOTE | |
r-devel-linux-x86_64-debian-gcc | 0.1-8 | 8.68 | 56.83 | 65.51 | NOTE | |
r-devel-linux-x86_64-fedora-clang | 0.1-8 | 107.07 | NOTE | |||
r-devel-linux-x86_64-fedora-gcc | 0.1-8 | 106.67 | NOTE | |||
r-devel-windows-x86_64 | 0.1-8 | 43.00 | 102.00 | 145.00 | NOTE | |
r-patched-linux-x86_64 | 0.1-8 | 12.12 | 73.03 | 85.15 | NOTE | |
r-release-linux-x86_64 | 0.1-8 | 10.03 | 74.49 | 84.52 | NOTE | |
r-release-macos-arm64 | 0.1-8 | 32.00 | NOTE | |||
r-release-macos-x86_64 | 0.1-8 | 57.00 | NOTE | |||
r-release-windows-x86_64 | 0.1-8 | 33.00 | 108.00 | 141.00 | NOTE | |
r-oldrel-macos-arm64 | 0.1-8 | 39.00 | NOTE | |||
r-oldrel-macos-x86_64 | 0.1-8 | 60.00 | NOTE | |||
r-oldrel-windows-ix86+x86_64 | 0.1-8 | 28.00 | 99.00 | 127.00 | NOTE |
Version: 0.1-8
Check: LazyData
Result: NOTE
'LazyData' is specified without a 'data' directory
Flavors: r-devel-linux-x86_64-debian-clang, r-devel-linux-x86_64-debian-gcc, r-devel-linux-x86_64-fedora-clang, r-devel-linux-x86_64-fedora-gcc, r-devel-windows-x86_64, r-patched-linux-x86_64, r-release-linux-x86_64, r-release-macos-arm64, r-release-macos-x86_64, r-release-windows-x86_64, r-oldrel-macos-arm64, r-oldrel-macos-x86_64, r-oldrel-windows-ix86+x86_64