Last updated on 2023-01-27 07:50:27 CET.
Flavor | Version | Tinstall | Tcheck | Ttotal | Status | Flags |
---|---|---|---|---|---|---|
r-devel-linux-x86_64-debian-clang | 0.2.10 | 21.19 | 217.89 | 239.08 | NOTE | |
r-devel-linux-x86_64-debian-gcc | 0.2.10 | 17.67 | 158.17 | 175.84 | NOTE | |
r-devel-linux-x86_64-fedora-clang | 0.2.10 | 314.34 | NOTE | |||
r-devel-linux-x86_64-fedora-gcc | 0.2.10 | 279.26 | NOTE | |||
r-devel-windows-x86_64 | 0.2.10 | 43.00 | 242.00 | 285.00 | OK | |
r-patched-linux-x86_64 | 0.2.10 | 18.30 | 206.79 | 225.09 | NOTE | |
r-release-linux-x86_64 | 0.2.10 | 14.78 | 207.28 | 222.06 | NOTE | |
r-release-macos-arm64 | 0.2.10 | 71.00 | NOTE | |||
r-release-macos-x86_64 | 0.2.10 | 99.00 | NOTE | |||
r-release-windows-x86_64 | 0.2.10 | 40.00 | 253.00 | 293.00 | OK | |
r-oldrel-macos-arm64 | 0.2.10 | 90.00 | NOTE | |||
r-oldrel-macos-x86_64 | 0.2.10 | 139.00 | NOTE | |||
r-oldrel-windows-ix86+x86_64 | 0.2.10 | 46.00 | 232.00 | 278.00 | OK |
Version: 0.2.10
Check: for non-standard things in the check directory
Result: NOTE
Found the following files/directories:
‘exemplary_input1.txt’ ‘exemplary_input2.txt’
Flavors: r-devel-linux-x86_64-debian-clang, r-devel-linux-x86_64-debian-gcc, r-devel-linux-x86_64-fedora-clang, r-devel-linux-x86_64-fedora-gcc, r-patched-linux-x86_64, r-release-linux-x86_64
Version: 0.2.10
Check: dependencies in R code
Result: NOTE
Namespace in Imports field not imported from: ‘base’
All declared Imports should be used.
Flavors: r-devel-linux-x86_64-fedora-clang, r-devel-linux-x86_64-fedora-gcc, r-release-macos-arm64, r-release-macos-x86_64, r-oldrel-macos-arm64, r-oldrel-macos-x86_64