CRAN Package Check Results for Package AzureQstor

Last updated on 2024-06-14 07:52:54 CEST.

Flavor Version Tinstall Tcheck Ttotal Status Flags
r-devel-linux-x86_64-debian-clang 1.0.1 4.15 31.21 35.36 OK
r-devel-linux-x86_64-debian-gcc 1.0.1 3.35 24.08 27.43 OK
r-devel-linux-x86_64-fedora-clang 1.0.1 45.70 NOTE
r-devel-linux-x86_64-fedora-gcc 1.0.1 55.65 NOTE
r-devel-windows-x86_64 1.0.1 4.00 47.00 51.00 OK
r-patched-linux-x86_64 1.0.1 12.34 30.16 42.50 OK
r-release-linux-x86_64 1.0.1 2.88 29.56 32.44 OK
r-release-macos-arm64 1.0.1 24.00 OK
r-release-macos-x86_64 1.0.1 36.00 OK
r-release-windows-x86_64 1.0.1 5.00 53.00 58.00 OK
r-oldrel-macos-arm64 1.0.1 25.00 OK
r-oldrel-macos-x86_64 1.0.1 34.00 OK
r-oldrel-windows-x86_64 1.0.1 5.00 47.00 52.00 OK

Check Details

Version: 1.0.1
Check: dependencies in R code
Result: NOTE Namespaces in Imports field not imported from: ‘httr’ ‘openssl’ All declared Imports should be used. Flavors: r-devel-linux-x86_64-fedora-clang, r-devel-linux-x86_64-fedora-gcc