Last updated on 2023-01-31 07:54:04 CET.
Flavor | Version | Tinstall | Tcheck | Ttotal | Status | Flags |
---|---|---|---|---|---|---|
r-devel-linux-x86_64-debian-clang | 1.0.1 | 3.75 | 28.92 | 32.67 | OK | |
r-devel-linux-x86_64-debian-gcc | 1.0.1 | 3.37 | 22.31 | 25.68 | OK | |
r-devel-linux-x86_64-fedora-clang | 1.0.1 | 42.47 | NOTE | |||
r-devel-linux-x86_64-fedora-gcc | 1.0.1 | 51.94 | NOTE | |||
r-devel-windows-x86_64 | 1.0.1 | 15.00 | 60.00 | 75.00 | OK | |
r-patched-linux-x86_64 | 1.0.1 | 9.49 | 27.69 | 37.18 | OK | |
r-release-linux-x86_64 | 1.0.1 | 3.94 | 28.14 | 32.08 | OK | |
r-release-macos-arm64 | 1.0.1 | 19.00 | NOTE | |||
r-release-macos-x86_64 | 1.0.1 | 28.00 | NOTE | |||
r-release-windows-x86_64 | 1.0.1 | 22.00 | 61.00 | 83.00 | OK | |
r-oldrel-macos-arm64 | 1.0.1 | 22.00 | NOTE | |||
r-oldrel-macos-x86_64 | 1.0.1 | 32.00 | NOTE | |||
r-oldrel-windows-ix86+x86_64 | 1.0.1 | 8.00 | 53.00 | 61.00 | OK |
Version: 1.0.1
Check: dependencies in R code
Result: NOTE
Namespaces in Imports field not imported from:
‘httr’ ‘openssl’
All declared Imports should be used.
Flavors: r-devel-linux-x86_64-fedora-clang, r-devel-linux-x86_64-fedora-gcc, r-release-macos-arm64, r-release-macos-x86_64, r-oldrel-macos-arm64, r-oldrel-macos-x86_64