Last updated on 2023-09-25 07:01:56 CEST.
Flavor | Version | Tinstall | Tcheck | Ttotal | Status | Flags |
---|---|---|---|---|---|---|
r-devel-linux-x86_64-debian-clang | 1.1.2 | 13.07 | 85.70 | 98.77 | ERROR | |
r-devel-linux-x86_64-debian-gcc | 1.1.2 | 8.70 | 63.62 | 72.32 | ERROR | |
r-devel-linux-x86_64-fedora-clang | 1.1.2 | 125.02 | OK | |||
r-devel-linux-x86_64-fedora-gcc | 1.1.2 | 134.00 | OK | |||
r-devel-windows-x86_64 | 1.1.2 | 13.00 | 91.00 | 104.00 | OK | |
r-patched-linux-x86_64 | 1.1.2 | 16.22 | 81.98 | 98.20 | ERROR | |
r-release-linux-x86_64 | 1.1.2 | 8.96 | 80.84 | 89.80 | ERROR | |
r-release-macos-arm64 | 1.1.2 | 40.00 | OK | |||
r-release-macos-x86_64 | 1.1.2 | 69.00 | OK | |||
r-release-windows-x86_64 | 1.1.2 | 17.00 | 104.00 | 121.00 | OK | |
r-oldrel-macos-arm64 | 1.1.2 | 30.00 | OK | |||
r-oldrel-macos-x86_64 | 1.1.2 | 50.00 | OK | |||
r-oldrel-windows-x86_64 | 1.1.2 | 18.00 | 112.00 | 130.00 | OK |
Version: 1.1.2
Check: tests
Result: ERROR
Running ‘testthat.R’ [13s/17s]
Running the tests in ‘tests/testthat.R’ failed.
Complete output:
> library(testthat)
> library(AzureKusto)
Attaching package: 'AzureKusto'
The following object is masked from 'package:stats':
filter
The following objects are masked from 'package:base':
intersect, setdiff, setequal, union
>
> test_check('AzureKusto')
[ FAIL 1 | WARN 4 | SKIP 7 | PASS 111 ]
══ Skipped tests (7) ═══════════════════════════════════════════════════════════
• Automated database ingestion tests skipped: run manually (1):
'test04_ingest.R:9:1'
• Resource creation tests skipped: ARM credentials not set (1):
'test03_resource.R:8:1'
• Tests skipped: ARM credentials not set (5): 'test00_token.R:27:1',
'test01_database.R:8:1', 'test02_query.R:8:1', 'test05_dbi.R:8:1',
'test06_dplyr.R:8:1'
══ Failed tests ════════════════════════════════════════════════════════════════
── Failure ('test_escape.r:60:3'): times are converted to ISO 8601 ─────────────
escape(x) not equal to kql("'2000-01-02T09:04:05Z'").
1/1 mismatches
x[1]: "'2000-01-02T03:04:05Z'"
y[1]: "'2000-01-02T09:04:05Z'"
[ FAIL 1 | WARN 4 | SKIP 7 | PASS 111 ]
Error: Test failures
Execution halted
Flavor: r-devel-linux-x86_64-debian-clang
Version: 1.1.2
Check: tests
Result: ERROR
Running ‘testthat.R’ [9s/15s]
Running the tests in ‘tests/testthat.R’ failed.
Complete output:
> library(testthat)
> library(AzureKusto)
Attaching package: 'AzureKusto'
The following object is masked from 'package:stats':
filter
The following objects are masked from 'package:base':
intersect, setdiff, setequal, union
>
> test_check('AzureKusto')
[ FAIL 1 | WARN 4 | SKIP 7 | PASS 111 ]
══ Skipped tests (7) ═══════════════════════════════════════════════════════════
• Automated database ingestion tests skipped: run manually (1):
'test04_ingest.R:9:1'
• Resource creation tests skipped: ARM credentials not set (1):
'test03_resource.R:8:1'
• Tests skipped: ARM credentials not set (5): 'test00_token.R:27:1',
'test01_database.R:8:1', 'test02_query.R:8:1', 'test05_dbi.R:8:1',
'test06_dplyr.R:8:1'
══ Failed tests ════════════════════════════════════════════════════════════════
── Failure ('test_escape.r:60:3'): times are converted to ISO 8601 ─────────────
escape(x) not equal to kql("'2000-01-02T09:04:05Z'").
1/1 mismatches
x[1]: "'2000-01-02T03:04:05Z'"
y[1]: "'2000-01-02T09:04:05Z'"
[ FAIL 1 | WARN 4 | SKIP 7 | PASS 111 ]
Error: Test failures
Execution halted
Flavor: r-devel-linux-x86_64-debian-gcc
Version: 1.1.2
Check: tests
Result: ERROR
Running ‘testthat.R’ [12s/14s]
Running the tests in ‘tests/testthat.R’ failed.
Complete output:
> library(testthat)
> library(AzureKusto)
Attaching package: 'AzureKusto'
The following object is masked from 'package:stats':
filter
The following objects are masked from 'package:base':
intersect, setdiff, setequal, union
>
> test_check('AzureKusto')
[ FAIL 1 | WARN 4 | SKIP 7 | PASS 111 ]
══ Skipped tests (7) ═══════════════════════════════════════════════════════════
• Automated database ingestion tests skipped: run manually (1):
'test04_ingest.R:9:1'
• Resource creation tests skipped: ARM credentials not set (1):
'test03_resource.R:8:1'
• Tests skipped: ARM credentials not set (5): 'test00_token.R:27:1',
'test01_database.R:8:1', 'test02_query.R:8:1', 'test05_dbi.R:8:1',
'test06_dplyr.R:8:1'
══ Failed tests ════════════════════════════════════════════════════════════════
── Failure ('test_escape.r:60:3'): times are converted to ISO 8601 ─────────────
escape(x) not equal to kql("'2000-01-02T09:04:05Z'").
1/1 mismatches
x[1]: "'2000-01-02T03:04:05Z'"
y[1]: "'2000-01-02T09:04:05Z'"
[ FAIL 1 | WARN 4 | SKIP 7 | PASS 111 ]
Error: Test failures
Execution halted
Flavors: r-patched-linux-x86_64, r-release-linux-x86_64