CRAN Package Check Results for Package AzureContainers

Last updated on 2023-09-28 08:01:43 CEST.

Flavor Version Tinstall Tcheck Ttotal Status Flags
r-devel-linux-x86_64-debian-clang 1.3.2 7.29 40.98 48.27 OK
r-devel-linux-x86_64-debian-gcc 1.3.2 6.22 30.87 37.09 OK
r-devel-linux-x86_64-fedora-clang 1.3.2 64.02 NOTE
r-devel-linux-x86_64-fedora-gcc 1.3.2 74.13 NOTE
r-devel-windows-x86_64 1.3.2 8.00 76.00 84.00 OK
r-patched-linux-x86_64 1.3.2 10.92 38.85 49.77 OK
r-release-linux-x86_64 1.3.2 7.98 38.83 46.81 OK
r-release-macos-arm64 1.3.2 31.00 OK
r-release-macos-x86_64 1.3.2 44.00 OK
r-release-windows-x86_64 1.3.2 12.00 66.00 78.00 OK
r-oldrel-macos-arm64 1.3.2 27.00 NOTE
r-oldrel-macos-x86_64 1.3.2 39.00 NOTE
r-oldrel-windows-x86_64 1.3.2 10.00 58.00 68.00 OK

Check Details

Version: 1.3.2
Check: dependencies in R code
Result: NOTE
    Namespace in Imports field not imported from: ‘openssl’
     All declared Imports should be used.
Flavors: r-devel-linux-x86_64-fedora-clang, r-devel-linux-x86_64-fedora-gcc, r-oldrel-macos-arm64, r-oldrel-macos-x86_64

Version: 1.3.2
Check: Rd cross-references
Result: NOTE
    Undeclared package ‘AzureAuth’ in Rd xrefs
Flavor: r-devel-linux-x86_64-fedora-clang