CRAN Package Check Results for Package AssetCorr

Last updated on 2023-02-03 06:50:09 CET.

Flavor Version Tinstall Tcheck Ttotal Status Flags
r-devel-linux-x86_64-debian-clang 1.0.4 13.59 91.66 105.25 OK
r-devel-linux-x86_64-debian-gcc 1.0.4 9.28 67.24 76.52 OK
r-devel-linux-x86_64-fedora-clang 1.0.4 134.37 NOTE
r-devel-linux-x86_64-fedora-gcc 1.0.4 372.22 NOTE
r-devel-windows-x86_64 1.0.4 29.00 147.00 176.00 OK
r-patched-linux-x86_64 1.0.4 11.71 84.45 96.16 OK
r-release-linux-x86_64 1.0.4 12.31 274.00 286.31 OK
r-release-macos-arm64 1.0.4 92.00 NOTE
r-release-macos-x86_64 1.0.4 125.00 NOTE
r-release-windows-x86_64 1.0.4 30.00 358.00 388.00 OK
r-oldrel-macos-arm64 1.0.4 141.00 NOTE
r-oldrel-macos-x86_64 1.0.4 201.00 NOTE
r-oldrel-windows-ix86+x86_64 1.0.4 25.00 113.00 138.00 OK

Check Details

Version: 1.0.4
Check: dependencies in R code
Result: NOTE
    Namespace in Imports field not imported from: ‘knitr’
     All declared Imports should be used.
Flavors: r-devel-linux-x86_64-fedora-clang, r-devel-linux-x86_64-fedora-gcc, r-release-macos-arm64, r-release-macos-x86_64, r-oldrel-macos-arm64, r-oldrel-macos-x86_64