Last updated on 2023-03-22 05:52:20 CET.
Flavor | Version | Tinstall | Tcheck | Ttotal | Status | Flags |
---|---|---|---|---|---|---|
r-devel-linux-x86_64-debian-clang | 1.0.0 | 5.19 | 186.26 | 191.45 | OK | |
r-devel-linux-x86_64-debian-gcc | 1.0.0 | 4.06 | 136.87 | 140.93 | OK | |
r-devel-linux-x86_64-fedora-clang | 1.0.0 | 233.73 | OK | |||
r-devel-linux-x86_64-fedora-gcc | 1.0.0 | 237.21 | OK | |||
r-devel-windows-x86_64 | 1.0.0 | 47.00 | 235.00 | 282.00 | OK | |
r-patched-linux-x86_64 | 1.0.0 | 6.01 | 183.32 | 189.33 | OK | |
r-release-linux-x86_64 | 1.0.0 | 4.90 | 181.32 | 186.22 | OK | |
r-release-macos-arm64 | 1.0.0 | 81.00 | OK | |||
r-release-macos-x86_64 | 1.0.0 | 94.00 | OK | |||
r-release-windows-x86_64 | 1.0.0 | 51.00 | 265.00 | 316.00 | OK | |
r-oldrel-macos-arm64 | 1.0.0 | 80.00 | OK | |||
r-oldrel-macos-x86_64 | 1.0.0 | 103.00 | OK | |||
r-oldrel-windows-ix86+x86_64 | 1.0.0 | 13.00 | 295.00 | 308.00 | NOTE |
Version: 1.0.0
Check: R code for possible problems
Result: NOTE
Initiating curl with CURL_SSL_BACKEND: openssl
Flavor: r-oldrel-windows-ix86+x86_64