CRAN Package Check Results for Package AlgDesign

Last updated on 2025-01-25 07:50:19 CET.

Flavor Version Tinstall Tcheck Ttotal Status Flags
r-devel-linux-x86_64-debian-clang 1.2.1.1 8.19 35.23 43.42 OK
r-devel-linux-x86_64-debian-gcc 1.2.1.1 5.16 27.11 32.27 OK
r-devel-linux-x86_64-fedora-clang 1.2.1.1 70.18 NOTE
r-devel-linux-x86_64-fedora-gcc 1.2.1.1 78.20 NOTE
r-devel-windows-x86_64 1.2.1.1 9.00 74.00 83.00 OK
r-patched-linux-x86_64 1.2.1.1 6.09 33.79 39.88 OK
r-release-linux-x86_64 1.2.1.1 6.45 33.63 40.08 OK
r-release-macos-arm64 1.2.1.1 49.00 OK
r-release-macos-x86_64 1.2.1.1 55.00 OK
r-release-windows-x86_64 1.2.1.1 13.00 76.00 89.00 OK
r-oldrel-macos-arm64 1.2.1.1 58.00 OK
r-oldrel-macos-x86_64 1.2.1.1 69.00 OK
r-oldrel-windows-x86_64 1.2.1.1 14.00 71.00 85.00 OK

Check Details

Version: 1.2.1.1
Check: compiled code
Result: NOTE File ‘AlgDesign/libs/AlgDesign.so’: Found no calls to: ‘R_registerRoutines’, ‘R_useDynamicSymbols’ It is good practice to register native routines and to disable symbol search. See ‘Writing portable packages’ in the ‘Writing R Extensions’ manual. Flavors: r-devel-linux-x86_64-fedora-clang, r-devel-linux-x86_64-fedora-gcc