CRAN Package Check Results for Package AlgDesign

Last updated on 2023-06-01 07:56:53 CEST.

Flavor Version Tinstall Tcheck Ttotal Status Flags
r-devel-linux-x86_64-debian-clang 1.2.1 14.07 41.82 55.89 OK
r-devel-linux-x86_64-debian-gcc 1.2.1 6.89 33.20 40.09 OK
r-devel-linux-x86_64-fedora-clang 1.2.1 68.91 NOTE
r-devel-linux-x86_64-fedora-gcc 1.2.1 81.62 NOTE
r-devel-windows-x86_64 1.2.1 12.00 73.00 85.00 OK
r-patched-linux-x86_64 1.2.1 OK
r-release-linux-x86_64 1.2.1 6.98 41.23 48.21 OK
r-release-macos-arm64 1.2.1 35.00 OK
r-release-macos-x86_64 1.2.1 47.00 OK
r-release-windows-x86_64 1.2.1 11.00 81.00 92.00 OK
r-oldrel-macos-arm64 1.2.1 29.00 OK
r-oldrel-macos-x86_64 1.2.1 42.00 OK
r-oldrel-windows-x86_64 1.2.1 36.00 78.00 114.00 OK

Check Details

Version: 1.2.1
Check: compiled code
Result: NOTE
    File ‘AlgDesign/libs/AlgDesign.so’:
     Found no calls to: ‘R_registerRoutines’, ‘R_useDynamicSymbols’
    
    It is good practice to register native routines and to disable symbol
    search.
    
    See ‘Writing portable packages’ in the ‘Writing R Extensions’ manual.
Flavors: r-devel-linux-x86_64-fedora-clang, r-devel-linux-x86_64-fedora-gcc