CRAN Package Check Results for Package AirMonitor

Last updated on 2024-02-23 07:52:02 CET.

Flavor Version Tinstall Tcheck Ttotal Status Flags
r-devel-linux-x86_64-debian-clang 0.4.0 OK
r-devel-linux-x86_64-debian-gcc 0.4.0 7.90 64.71 72.61 OK
r-devel-linux-x86_64-fedora-clang 0.4.0 124.13 NOTE
r-devel-linux-x86_64-fedora-gcc 0.4.0 129.49 NOTE
r-devel-windows-x86_64 0.4.0 9.00 106.00 115.00 OK
r-patched-linux-x86_64 0.4.0 10.53 82.38 92.91 OK
r-release-linux-x86_64 0.4.0 7.50 82.29 89.79 OK
r-release-macos-arm64 0.4.0 48.00 OK
r-release-macos-x86_64 0.4.0 117.00 OK
r-release-windows-x86_64 0.4.0 14.00 118.00 132.00 OK
r-oldrel-macos-arm64 0.4.0 48.00 OK
r-oldrel-windows-x86_64 0.4.0 13.00 112.00 125.00 OK

Check Details

Version: 0.4.0
Check: data for non-ASCII characters
Result: NOTE Note: found 1 marked UTF-8 string Flavors: r-devel-linux-x86_64-fedora-clang, r-devel-linux-x86_64-fedora-gcc