Last updated on 2023-02-06 06:51:47 CET.
Flavor | Version | Tinstall | Tcheck | Ttotal | Status | Flags |
---|---|---|---|---|---|---|
r-devel-linux-x86_64-debian-clang | 0.2.2 | 9.18 | 82.41 | 91.59 | OK | |
r-devel-linux-x86_64-debian-gcc | 0.2.2 | 6.90 | 61.69 | 68.59 | OK | |
r-devel-linux-x86_64-fedora-clang | 0.3.9 | 123.86 | NOTE | |||
r-devel-linux-x86_64-fedora-gcc | 0.3.9 | 131.84 | NOTE | |||
r-devel-windows-x86_64 | 0.3.9 | 20.00 | 136.00 | 156.00 | OK | |
r-patched-linux-x86_64 | 0.2.2 | 8.41 | 76.15 | 84.56 | OK | |
r-release-linux-x86_64 | 0.2.2 | 6.50 | 74.80 | 81.30 | OK | |
r-release-macos-arm64 | 0.2.2 | 37.00 | OK | |||
r-release-macos-x86_64 | 0.2.2 | 63.00 | OK | |||
r-release-windows-x86_64 | 0.2.2 | 57.00 | 135.00 | 192.00 | OK | |
r-oldrel-macos-arm64 | 0.2.2 | 37.00 | OK | |||
r-oldrel-macos-x86_64 | 0.2.2 | 58.00 | OK | |||
r-oldrel-windows-ix86+x86_64 | 0.2.2 | 20.00 | 137.00 | 157.00 | OK |
Version: 0.3.9
Check: data for non-ASCII characters
Result: NOTE
Note: found 1 marked UTF-8 string
Flavors: r-devel-linux-x86_64-fedora-clang, r-devel-linux-x86_64-fedora-gcc