Last updated on 2023-03-28 07:52:55 CEST.
Flavor | Version | Tinstall | Tcheck | Ttotal | Status | Flags |
---|---|---|---|---|---|---|
r-devel-linux-x86_64-debian-clang | 2.0.7-0 | 6.37 | 44.32 | 50.69 | NOTE | |
r-devel-linux-x86_64-debian-gcc | 2.0.7-0 | 4.23 | 34.07 | 38.30 | NOTE | |
r-devel-linux-x86_64-fedora-clang | 2.0.7-0 | 68.79 | NOTE | |||
r-devel-linux-x86_64-fedora-gcc | 2.0.7-0 | 61.61 | NOTE | |||
r-patched-linux-x86_64 | 2.0.7-0 | 6.00 | 43.90 | 49.90 | NOTE | |
r-release-linux-x86_64 | 2.0.7-0 | 5.65 | 41.95 | 47.60 | NOTE | |
r-release-macos-arm64 | 2.0.7-0 | 47.00 | NOTE | |||
r-release-macos-x86_64 | 2.0.7-0 | 46.00 | NOTE | |||
r-release-windows-x86_64 | 2.0.7-0 | 30.00 | 72.00 | 102.00 | NOTE | |
r-oldrel-macos-arm64 | 2.0.7-0 | 45.00 | NOTE | |||
r-oldrel-macos-x86_64 | 2.0.7-0 | 53.00 | NOTE | |||
r-oldrel-windows-ix86+x86_64 | 2.0.7-0 | 16.00 | 69.00 | 85.00 | NOTE |
Version: 2.0.7-0
Check: LazyData
Result: NOTE
'LazyData' is specified without a 'data' directory
Flavors: r-devel-linux-x86_64-debian-clang, r-devel-linux-x86_64-debian-gcc, r-devel-linux-x86_64-fedora-clang, r-devel-linux-x86_64-fedora-gcc, r-patched-linux-x86_64, r-release-linux-x86_64, r-release-macos-arm64, r-release-macos-x86_64, r-release-windows-x86_64, r-oldrel-macos-arm64, r-oldrel-macos-x86_64, r-oldrel-windows-ix86+x86_64
Version: 2.0.7-0
Check: installed package size
Result: NOTE
installed size is 7.9Mb
sub-directories of 1Mb or more:
java 7.8Mb
Flavors: r-devel-linux-x86_64-fedora-clang, r-release-macos-arm64, r-release-macos-x86_64, r-release-windows-x86_64, r-oldrel-macos-arm64, r-oldrel-macos-x86_64, r-oldrel-windows-ix86+x86_64