CRAN Package Check Results for Package ASV

Last updated on 2022-09-28 06:54:01 CEST.

Flavor Version Tinstall Tcheck Ttotal Status Flags
r-devel-linux-x86_64-debian-clang 1.1.0 53.89 54.25 108.14 OK
r-devel-linux-x86_64-debian-gcc 1.1.0 45.60 38.29 83.89 OK
r-devel-linux-x86_64-fedora-clang 1.1.0 160.57 OK
r-devel-linux-x86_64-fedora-gcc 1.1.0 146.56 OK
r-devel-windows-x86_64 1.1.0 46.00 113.00 159.00 OK
r-patched-linux-x86_64 1.1.0 51.50 49.73 101.23 OK
r-release-linux-x86_64 1.1.0 47.23 51.54 98.77 OK
r-release-macos-arm64 1.1.0 40.00 NOTE
r-release-macos-x86_64 1.1.0 52.00 NOTE
r-release-windows-x86_64 1.1.0 44.00 112.00 156.00 OK
r-oldrel-macos-arm64 1.1.0 33.00 NOTE
r-oldrel-macos-x86_64 1.1.0 58.00 NOTE
r-oldrel-windows-ix86+x86_64 1.1.0 126.00 146.00 272.00 OK

Check Details

Version: 1.1.0
Check: installed package size
Result: NOTE
     installed size is 6.4Mb
     sub-directories of 1Mb or more:
     libs 6.3Mb
Flavors: r-release-macos-arm64, r-release-macos-x86_64, r-oldrel-macos-arm64, r-oldrel-macos-x86_64