CRAN Package Check Results for Package ASIP

Last updated on 2023-06-10 07:00:15 CEST.

Flavor Version Tinstall Tcheck Ttotal Status Flags
r-devel-linux-x86_64-debian-clang 0.4.9 40.91 310.58 351.49 NOTE
r-devel-linux-x86_64-debian-gcc 0.4.9 31.43 229.81 261.24 NOTE
r-devel-linux-x86_64-fedora-clang 0.4.9 465.09 NOTE
r-devel-linux-x86_64-fedora-gcc 0.4.9 419.31 NOTE
r-devel-windows-x86_64 0.4.9 32.00 200.00 232.00 NOTE
r-patched-linux-x86_64 0.4.9 34.90 293.60 328.50 NOTE
r-release-linux-x86_64 0.4.9 38.29 289.13 327.42 NOTE
r-release-macos-arm64 0.4.9 96.00 NOTE
r-release-macos-x86_64 0.4.9 183.00 NOTE
r-release-windows-x86_64 0.4.9 40.00 270.00 310.00 NOTE
r-oldrel-macos-arm64 0.4.9 84.00 NOTE
r-oldrel-macos-x86_64 0.4.9 121.00 NOTE
r-oldrel-windows-x86_64 0.4.9 41.00 252.00 293.00 NOTE

Check Details

Version: 0.4.9
Check: LazyData
Result: NOTE
     'LazyData' is specified without a 'data' directory
Flavors: r-devel-linux-x86_64-debian-clang, r-devel-linux-x86_64-debian-gcc, r-devel-linux-x86_64-fedora-clang, r-devel-linux-x86_64-fedora-gcc, r-devel-windows-x86_64, r-patched-linux-x86_64, r-release-linux-x86_64, r-release-macos-arm64, r-release-macos-x86_64, r-release-windows-x86_64, r-oldrel-macos-arm64, r-oldrel-macos-x86_64, r-oldrel-windows-x86_64