Last updated on 2023-01-30 09:54:05 CET.
Flavor | Version | Tinstall | Tcheck | Ttotal | Status | Flags |
---|---|---|---|---|---|---|
r-devel-linux-x86_64-debian-clang | 1.2.3 | 16.07 | 122.42 | 138.49 | OK | |
r-devel-linux-x86_64-debian-gcc | 1.2.3 | 13.26 | 91.03 | 104.29 | OK | |
r-devel-linux-x86_64-fedora-clang | 1.2.3 | 169.38 | NOTE | |||
r-devel-linux-x86_64-fedora-gcc | 1.2.3 | 168.21 | OK | |||
r-devel-windows-x86_64 | 1.2.3 | 30.00 | 157.00 | 187.00 | OK | |
r-patched-linux-x86_64 | 1.2.3 | 12.11 | 119.28 | 131.39 | OK | |
r-release-linux-x86_64 | 1.2.3 | 12.70 | 118.52 | 131.22 | OK | |
r-release-macos-arm64 | 1.2.3 | 61.00 | OK | |||
r-release-macos-x86_64 | 1.2.3 | 98.00 | OK | |||
r-release-windows-x86_64 | 1.2.3 | 50.00 | 161.00 | 211.00 | OK | |
r-oldrel-macos-arm64 | 1.2.3 | 58.00 | OK | |||
r-oldrel-macos-x86_64 | 1.2.3 | 73.00 | OK | |||
r-oldrel-windows-ix86+x86_64 | 1.2.3 | 38.00 | 158.00 | 196.00 | OK |
Version: 1.2.3
Check: package dependencies
Result: NOTE
Imports includes 22 non-default packages.
Importing from so many packages makes the package vulnerable to any of
them becoming unavailable. Move as many as possible to Suggests and
use conditionally.
Flavor: r-devel-linux-x86_64-fedora-clang