Last updated on 2023-02-04 08:01:04 CET.
Flavor | Version | Tinstall | Tcheck | Ttotal | Status | Flags |
---|---|---|---|---|---|---|
r-devel-linux-x86_64-debian-clang | 0.10 | 64.55 | 80.81 | 145.36 | NOTE | |
r-devel-linux-x86_64-debian-gcc | 0.10 | 50.25 | 61.30 | 111.55 | NOTE | |
r-devel-linux-x86_64-fedora-clang | 0.10 | 181.46 | NOTE | |||
r-devel-linux-x86_64-fedora-gcc | 0.10 | 190.45 | NOTE | |||
r-devel-windows-x86_64 | 0.10 | 47.00 | 121.00 | 168.00 | NOTE | |
r-patched-linux-x86_64 | 0.10 | 56.92 | 80.58 | 137.50 | NOTE | |
r-release-linux-x86_64 | 0.10 | 50.64 | 76.02 | 126.66 | NOTE | |
r-release-macos-arm64 | 0.10 | 49.00 | NOTE | |||
r-release-macos-x86_64 | 0.10 | 70.00 | NOTE | |||
r-release-windows-x86_64 | 0.10 | 84.00 | 131.00 | 215.00 | NOTE | |
r-oldrel-macos-arm64 | 0.10 | 58.00 | NOTE | |||
r-oldrel-macos-x86_64 | 0.10 | 100.00 | NOTE | |||
r-oldrel-windows-ix86+x86_64 | 0.10 | 114.00 | 149.00 | 263.00 | NOTE |
Version: 0.10
Check: LazyData
Result: NOTE
'LazyData' is specified without a 'data' directory
Flavors: r-devel-linux-x86_64-debian-clang, r-devel-linux-x86_64-debian-gcc, r-devel-linux-x86_64-fedora-clang, r-devel-linux-x86_64-fedora-gcc, r-devel-windows-x86_64, r-patched-linux-x86_64, r-release-linux-x86_64, r-release-macos-arm64, r-release-macos-x86_64, r-release-windows-x86_64, r-oldrel-macos-arm64, r-oldrel-macos-x86_64, r-oldrel-windows-ix86+x86_64
Version: 0.10
Check: installed package size
Result: NOTE
installed size is 10.0Mb
sub-directories of 1Mb or more:
libs 9.8Mb
Flavors: r-release-macos-arm64, r-release-macos-x86_64, r-oldrel-macos-arm64, r-oldrel-macos-x86_64