Last updated on 2023-01-27 07:50:27 CET.
Flavor | Version | Tinstall | Tcheck | Ttotal | Status | Flags |
---|---|---|---|---|---|---|
r-devel-linux-x86_64-debian-clang | 0.1.0 | 1.57 | 19.66 | 21.23 | NOTE | |
r-devel-linux-x86_64-debian-gcc | 0.1.0 | 1.86 | 15.64 | 17.50 | NOTE | |
r-devel-linux-x86_64-fedora-clang | 0.1.0 | 31.90 | NOTE | |||
r-devel-linux-x86_64-fedora-gcc | 0.1.0 | 30.37 | NOTE | |||
r-devel-windows-x86_64 | 0.1.0 | 14.00 | 48.00 | 62.00 | NOTE | |
r-patched-linux-x86_64 | 0.1.0 | 1.57 | 20.40 | 21.97 | NOTE | |
r-release-linux-x86_64 | 0.1.0 | 2.36 | 20.16 | 22.52 | NOTE | |
r-release-macos-arm64 | 0.1.0 | 15.00 | NOTE | |||
r-release-macos-x86_64 | 0.1.0 | 23.00 | NOTE | |||
r-release-windows-x86_64 | 0.1.0 | 11.00 | 50.00 | 61.00 | NOTE | |
r-oldrel-macos-arm64 | 0.1.0 | 18.00 | NOTE | |||
r-oldrel-macos-x86_64 | 0.1.0 | 21.00 | NOTE | |||
r-oldrel-windows-ix86+x86_64 | 0.1.0 | 9.00 | 43.00 | 52.00 | NOTE |
Version: 0.1.0
Check: LazyData
Result: NOTE
'LazyData' is specified without a 'data' directory
Flavors: r-devel-linux-x86_64-debian-clang, r-devel-linux-x86_64-debian-gcc, r-devel-linux-x86_64-fedora-clang, r-devel-linux-x86_64-fedora-gcc, r-devel-windows-x86_64, r-patched-linux-x86_64, r-release-linux-x86_64, r-release-macos-arm64, r-release-macos-x86_64, r-release-windows-x86_64, r-oldrel-macos-arm64, r-oldrel-macos-x86_64, r-oldrel-windows-ix86+x86_64
Version: 0.1.0
Check: dependencies in R code
Result: NOTE
Namespaces in Imports field not imported from:
‘car’ ‘datasets’ ‘dplyr’ ‘ggplot2’ ‘plotly’ ‘shiny’
All declared Imports should be used.
Flavors: r-devel-linux-x86_64-fedora-clang, r-devel-linux-x86_64-fedora-gcc, r-release-macos-arm64, r-release-macos-x86_64, r-oldrel-macos-arm64, r-oldrel-macos-x86_64