Last updated on 2023-01-28 07:14:48 CET.
Flavor | Version | Tinstall | Tcheck | Ttotal | Status | Flags |
---|---|---|---|---|---|---|
r-devel-linux-x86_64-debian-clang | 0.2.1 | 54.75 | 89.80 | 144.55 | OK | |
r-devel-linux-x86_64-debian-gcc | 0.2.1 | 37.68 | 64.70 | 102.38 | OK | |
r-devel-linux-x86_64-fedora-clang | 0.2.1 | 220.06 | OK | |||
r-devel-linux-x86_64-fedora-gcc | 0.2.1 | 210.32 | OK | |||
r-devel-windows-x86_64 | 0.2.1 | 176.00 | 203.00 | 379.00 | OK | |
r-patched-linux-x86_64 | 0.2.1 | 43.55 | 82.85 | 126.40 | OK | |
r-release-linux-x86_64 | 0.2.1 | 42.57 | 74.35 | 116.92 | OK | |
r-release-macos-arm64 | 0.2.1 | 48.00 | OK | |||
r-release-macos-x86_64 | 0.2.1 | 78.00 | OK | |||
r-release-windows-x86_64 | 0.2.1 | 196.00 | 203.00 | 399.00 | OK | |
r-oldrel-macos-arm64 | 0.2.1 | 64.00 | OK | |||
r-oldrel-macos-x86_64 | 0.2.1 | 105.00 | OK | |||
r-oldrel-windows-ix86+x86_64 | 0.2.1 | 131.00 | 153.00 | 284.00 | NOTE |
Version: 0.2.1
Check: installed package size
Result: NOTE
installed size is 5.1Mb
sub-directories of 1Mb or more:
doc 2.4Mb
libs 2.0Mb
Flavor: r-oldrel-windows-ix86+x86_64