Last updated on 2023-01-27 07:50:26 CET.
Flavor | Version | Tinstall | Tcheck | Ttotal | Status | Flags |
---|---|---|---|---|---|---|
r-devel-linux-x86_64-debian-clang | 0.6.3.2 | 5.17 | 70.68 | 75.85 | OK | |
r-devel-linux-x86_64-debian-gcc | 0.6.3.2 | 4.54 | 52.42 | 56.96 | OK | |
r-devel-linux-x86_64-fedora-clang | 0.6.3.2 | 102.91 | NOTE | |||
r-devel-linux-x86_64-fedora-gcc | 0.6.3.2 | 112.17 | NOTE | |||
r-devel-windows-x86_64 | 0.6.3.2 | 23.00 | 101.00 | 124.00 | OK | |
r-patched-linux-x86_64 | 0.6.3.2 | 9.63 | 68.24 | 77.87 | OK | |
r-release-linux-x86_64 | 0.6.3.2 | 5.86 | 67.39 | 73.25 | OK | |
r-release-macos-arm64 | 0.6.3.2 | 31.00 | NOTE | |||
r-release-macos-x86_64 | 0.6.3.2 | 61.00 | NOTE | |||
r-release-windows-x86_64 | 0.6.3.2 | 20.00 | 133.00 | 153.00 | OK | |
r-oldrel-macos-arm64 | 0.6.3.2 | 50.00 | NOTE | |||
r-oldrel-macos-x86_64 | 0.6.3.2 | 39.00 | NOTE | |||
r-oldrel-windows-ix86+x86_64 | 0.6.3.2 | 12.00 | 100.00 | 112.00 | OK |
Version: 0.6.3.2
Check: dependencies in R code
Result: NOTE
Namespaces in Imports field not imported from:
‘Rsolnp’ ‘SuperLearner’ ‘future.apply’ ‘ggplot2’ ‘progressr’ ‘stats’
‘utils’
All declared Imports should be used.
Flavors: r-devel-linux-x86_64-fedora-clang, r-devel-linux-x86_64-fedora-gcc, r-release-macos-arm64, r-release-macos-x86_64, r-oldrel-macos-arm64, r-oldrel-macos-x86_64