Last updated on 2025-01-25 07:50:19 CET.
Flavor | Version | Tinstall | Tcheck | Ttotal | Status | Flags |
---|---|---|---|---|---|---|
r-devel-linux-x86_64-debian-clang | 0.0.2 | 9.66 | 80.14 | 89.80 | NOTE | |
r-devel-linux-x86_64-debian-gcc | 0.0.2 | 6.86 | 56.12 | 62.98 | NOTE | |
r-devel-linux-x86_64-fedora-clang | 0.0.2 | 146.79 | OK | |||
r-devel-linux-x86_64-fedora-gcc | 0.0.2 | 138.93 | NOTE | |||
r-devel-windows-x86_64 | 0.0.2 | 12.00 | 98.00 | 110.00 | NOTE | |
r-patched-linux-x86_64 | 0.0.2 | 17.04 | 73.35 | 90.39 | OK | |
r-release-linux-x86_64 | 0.0.2 | 9.41 | 73.07 | 82.48 | OK | |
r-release-macos-arm64 | 0.0.2 | 50.00 | OK | |||
r-release-macos-x86_64 | 0.0.2 | 70.00 | OK | |||
r-release-windows-x86_64 | 0.0.2 | 11.00 | 102.00 | 113.00 | OK | |
r-oldrel-macos-arm64 | 0.0.2 | 51.00 | OK | |||
r-oldrel-macos-x86_64 | 0.0.2 | 94.00 | OK | |||
r-oldrel-windows-x86_64 | 0.0.2 | 13.00 | 127.00 | 140.00 | OK |
Version: 0.0.2
Check: DESCRIPTION meta-information
Result: NOTE
Missing dependency on R >= 4.1.0 because package code uses the pipe
|> or function shorthand \(...) syntax added in R 4.1.0.
File(s) using such syntax:
‘akaike_adjusted_rsq.R’ ‘filter_vif.R’ ‘fit_models.R’
‘select_models.R’
Flavors: r-devel-linux-x86_64-debian-clang, r-devel-linux-x86_64-debian-gcc, r-devel-linux-x86_64-fedora-gcc
Version: 0.0.2
Check: Rd cross-references
Result: NOTE
Found the following Rd file(s) with Rd \link{} targets missing package
anchors:
AICc_permanova2.Rd: adonis2
fit_models.Rd: vegdist, adonis2
Please provide package anchors for all Rd \link{} targets not in the
package itself and the base packages.
Flavors: r-devel-linux-x86_64-debian-clang, r-devel-linux-x86_64-debian-gcc, r-devel-windows-x86_64