CRAN Package Check Results for Package AHM

Last updated on 2024-03-04 07:48:21 CET.

Flavor Version Tinstall Tcheck Ttotal Status Flags
r-devel-linux-x86_64-debian-clang 1.0.1 20.24 117.50 137.74 OK
r-devel-linux-x86_64-debian-gcc 1.0.1 15.21 89.69 104.90 OK
r-devel-linux-x86_64-fedora-clang 1.0.1 166.50 NOTE
r-devel-linux-x86_64-fedora-gcc 1.0.1 171.14 NOTE
r-devel-windows-x86_64 1.0.1 17.00 102.00 119.00 OK
r-patched-linux-x86_64 1.0.1 11.44 113.21 124.65 OK
r-release-linux-x86_64 1.0.1 12.66 123.77 136.43 OK
r-release-macos-arm64 1.0.1 62.00 OK
r-release-macos-x86_64 1.0.1 96.00 OK
r-release-windows-x86_64 1.0.1 24.00 116.00 140.00 OK
r-oldrel-macos-arm64 1.0.1 49.00 NOTE
r-oldrel-windows-x86_64 1.0.1 23.00 123.00 146.00 OK

Check Details

Version: 1.0.1
Check: dependencies in R code
Result: NOTE Namespaces in Imports field not imported from: ‘devtools’ ‘mixexp’ All declared Imports should be used. Flavors: r-devel-linux-x86_64-fedora-clang, r-devel-linux-x86_64-fedora-gcc, r-oldrel-macos-arm64