CRAN Package Check Results for Package AEDForecasting

Last updated on 2023-01-27 07:50:26 CET.

Flavor Version Tinstall Tcheck Ttotal Status Flags
r-devel-linux-x86_64-debian-clang 0.20.0 2.50 26.09 28.59 NOTE
r-devel-linux-x86_64-debian-gcc 0.20.0 1.98 20.13 22.11 NOTE
r-devel-linux-x86_64-fedora-clang 0.20.0 38.19 NOTE
r-devel-linux-x86_64-fedora-gcc 0.20.0 49.77 NOTE
r-devel-windows-x86_64 0.20.0 8.00 75.00 83.00 NOTE
r-patched-linux-x86_64 0.20.0 1.64 26.06 27.70 NOTE
r-release-linux-x86_64 0.20.0 2.01 26.68 28.69 NOTE
r-release-macos-arm64 0.20.0 18.00 NOTE
r-release-macos-x86_64 0.20.0 23.00 NOTE
r-release-windows-x86_64 0.20.0 16.00 57.00 73.00 NOTE
r-oldrel-macos-arm64 0.20.0 21.00 NOTE
r-oldrel-macos-x86_64 0.20.0 26.00 NOTE
r-oldrel-windows-ix86+x86_64 0.20.0 6.00 48.00 54.00 NOTE

Check Details

Version: 0.20.0
Check: LazyData
Result: NOTE
     'LazyData' is specified without a 'data' directory
Flavors: r-devel-linux-x86_64-debian-clang, r-devel-linux-x86_64-debian-gcc, r-devel-linux-x86_64-fedora-clang, r-devel-linux-x86_64-fedora-gcc, r-devel-windows-x86_64, r-patched-linux-x86_64, r-release-linux-x86_64, r-release-macos-arm64, r-release-macos-x86_64, r-release-windows-x86_64, r-oldrel-macos-arm64, r-oldrel-macos-x86_64, r-oldrel-windows-ix86+x86_64