CRAN Package Check Results for Package ADMM

Last updated on 2023-02-05 07:57:11 CET.

Flavor Version Tinstall Tcheck Ttotal Status Flags
r-devel-linux-x86_64-debian-clang 0.3.3 74.10 78.19 152.29 NOTE
r-devel-linux-x86_64-debian-gcc 0.3.3 59.02 60.06 119.08 NOTE
r-devel-linux-x86_64-fedora-clang 0.3.3 208.80 NOTE
r-devel-linux-x86_64-fedora-gcc 0.3.3 201.60 NOTE
r-devel-windows-x86_64 0.3.3 60.00 147.00 207.00 NOTE
r-patched-linux-x86_64 0.3.3 61.74 77.84 139.58 OK
r-release-linux-x86_64 0.3.3 69.82 75.85 145.67 OK
r-release-macos-arm64 0.3.3 54.00 NOTE
r-release-macos-x86_64 0.3.3 67.00 NOTE
r-release-windows-x86_64 0.3.3 60.00 130.00 190.00 OK
r-oldrel-macos-arm64 0.3.3 57.00 NOTE
r-oldrel-macos-x86_64 0.3.3 72.00 NOTE
r-oldrel-windows-ix86+x86_64 0.3.3 168.00 145.00 313.00 OK

Check Details

Version: 0.3.3
Check: C++ specification
Result: NOTE
     Specified C++11: please update to current default of C++17
Flavors: r-devel-linux-x86_64-debian-clang, r-devel-linux-x86_64-debian-gcc, r-devel-linux-x86_64-fedora-clang, r-devel-linux-x86_64-fedora-gcc, r-devel-windows-x86_64

Version: 0.3.3
Check: installed package size
Result: NOTE
     installed size is 6.2Mb
     sub-directories of 1Mb or more:
     libs 6.0Mb
Flavors: r-release-macos-arm64, r-release-macos-x86_64, r-oldrel-macos-arm64, r-oldrel-macos-x86_64