Last updated on 2023-01-27 07:50:26 CET.
Flavor | Version | Tinstall | Tcheck | Ttotal | Status | Flags |
---|---|---|---|---|---|---|
r-devel-linux-x86_64-debian-clang | 1.0.4.2 | 20.13 | 98.03 | 118.16 | OK | |
r-devel-linux-x86_64-debian-gcc | 1.0.4.2 | 14.87 | 73.00 | 87.87 | OK | |
r-devel-linux-x86_64-fedora-clang | 1.0.4.2 | 151.90 | NOTE | |||
r-devel-linux-x86_64-fedora-gcc | 1.0.4.2 | 156.12 | NOTE | |||
r-devel-windows-x86_64 | 1.0.4.2 | 57.00 | 149.00 | 206.00 | OK | |
r-patched-linux-x86_64 | 1.0.4.2 | 23.09 | 93.67 | 116.76 | OK | |
r-release-linux-x86_64 | 1.0.4.2 | 15.47 | 94.35 | 109.82 | OK | |
r-release-macos-arm64 | 1.0.4.2 | 66.00 | OK | |||
r-release-macos-x86_64 | 1.0.4.2 | 67.00 | OK | |||
r-release-windows-x86_64 | 1.0.4.2 | 50.00 | 145.00 | 195.00 | OK | |
r-oldrel-macos-arm64 | 1.0.4.2 | 59.00 | OK | |||
r-oldrel-macos-x86_64 | 1.0.4.2 | 68.00 | OK | |||
r-oldrel-windows-ix86+x86_64 | 1.0.4.2 | 45.00 | 183.00 | 228.00 | OK |
Version: 1.0.4.2
Check: compiled code
Result: NOTE
File ‘ACDm/libs/ACDm.so’:
Found no calls to: ‘R_registerRoutines’, ‘R_useDynamicSymbols’
It is good practice to register native routines and to disable symbol
search.
See ‘Writing portable packages’ in the ‘Writing R Extensions’ manual.
Flavors: r-devel-linux-x86_64-fedora-clang, r-devel-linux-x86_64-fedora-gcc