Last updated on 2023-01-27 07:50:26 CET.
Flavor | Version | Tinstall | Tcheck | Ttotal | Status | Flags |
---|---|---|---|---|---|---|
r-devel-linux-x86_64-debian-clang | 1.0.0 | 7.59 | 93.81 | 101.40 | NOTE | |
r-devel-linux-x86_64-debian-gcc | 1.0.0 | 5.74 | 67.60 | 73.34 | NOTE | |
r-devel-linux-x86_64-fedora-clang | 1.0.0 | 123.58 | NOTE | |||
r-devel-linux-x86_64-fedora-gcc | 1.0.0 | 118.01 | NOTE | |||
r-devel-windows-x86_64 | 1.0.0 | 23.00 | 136.00 | 159.00 | NOTE | |
r-patched-linux-x86_64 | 1.0.0 | 7.39 | 88.32 | 95.71 | OK | |
r-release-linux-x86_64 | 1.0.0 | 5.33 | 88.43 | 93.76 | OK | |
r-release-macos-arm64 | 1.0.0 | 33.00 | OK | |||
r-release-macos-x86_64 | 1.0.0 | 64.00 | OK | |||
r-release-windows-x86_64 | 1.0.0 | 25.00 | 146.00 | 171.00 | OK | |
r-oldrel-macos-arm64 | 1.0.0 | 34.00 | OK | |||
r-oldrel-macos-x86_64 | 1.0.0 | 46.00 | OK | |||
r-oldrel-windows-ix86+x86_64 | 1.0.0 | 23.00 | 141.00 | 164.00 | WARN |
Version: 1.0.0
Check: package subdirectories
Result: NOTE
Problems with news in ‘NEWS.md’:
No news entries found.
Flavors: r-devel-linux-x86_64-debian-clang, r-devel-linux-x86_64-debian-gcc, r-devel-linux-x86_64-fedora-clang, r-devel-linux-x86_64-fedora-gcc, r-devel-windows-x86_64
Version: 1.0.0
Check: whether the package can be unloaded cleanly
Result: WARN
---- unloading
Flavor: r-oldrel-windows-ix86+x86_64