CRAN Package Check Results for Package zonator

Last updated on 2022-01-21 08:52:20 CET.

Flavor Version Tinstall Tcheck Ttotal Status Flags
r-devel-linux-x86_64-debian-clang 0.6.0 30.53 189.48 220.01 NOTE
r-devel-linux-x86_64-debian-gcc 0.6.0 30.31 150.17 180.48 NOTE
r-devel-linux-x86_64-fedora-clang 0.6.0 405.34 NOTE
r-devel-linux-x86_64-fedora-gcc 0.6.0 262.67 NOTE
r-devel-windows-x86_64-new-UL 0.6.0 222.00 303.00 525.00 NOTE
r-devel-windows-x86_64-new-TK 0.6.0 NOTE
r-patched-linux-x86_64 0.6.0 39.77 177.83 217.60 NOTE
r-release-linux-x86_64 0.6.0 35.37 185.43 220.80 NOTE
r-release-macos-arm64 0.6.0 NOTE
r-release-macos-x86_64 0.6.0 NOTE
r-release-windows-ix86+x86_64 0.6.0 72.00 303.00 375.00 NOTE
r-oldrel-macos-x86_64 0.6.0 NOTE
r-oldrel-windows-ix86+x86_64 0.6.0 75.00 310.00 385.00 NOTE

Check Details

Version: 0.6.0
Check: package dependencies
Result: NOTE
    Package suggested but not available for checking: 'zdat'
Flavors: r-devel-linux-x86_64-debian-clang, r-devel-linux-x86_64-debian-gcc, r-devel-linux-x86_64-fedora-clang, r-devel-linux-x86_64-fedora-gcc, r-devel-windows-x86_64-new-UL, r-devel-windows-x86_64-new-TK, r-patched-linux-x86_64, r-release-linux-x86_64, r-release-macos-arm64, r-release-macos-x86_64, r-release-windows-ix86+x86_64, r-oldrel-macos-x86_64, r-oldrel-windows-ix86+x86_64