Last updated on 2022-07-03 07:52:09 CEST.
Flavor | Version | Tinstall | Tcheck | Ttotal | Status | Flags |
---|---|---|---|---|---|---|
r-devel-linux-x86_64-debian-clang | 1.2.5 | 105.16 | 219.47 | 324.63 | OK | |
r-devel-linux-x86_64-debian-gcc | 1.2.5 | 71.83 | 154.48 | 226.31 | OK | |
r-devel-linux-x86_64-fedora-clang | 1.2.5 | 392.72 | NOTE | |||
r-devel-linux-x86_64-fedora-gcc | 1.2.5 | 371.92 | OK | |||
r-devel-windows-x86_64 | 1.2.5 | 72.00 | 269.00 | 341.00 | NOTE | |
r-patched-linux-x86_64 | 1.2.5 | 73.60 | 208.29 | 281.89 | OK | |
r-release-linux-x86_64 | 1.2.5 | 68.11 | 209.95 | 278.06 | OK | |
r-release-macos-arm64 | 1.2.5 | 116.00 | NOTE | |||
r-release-macos-x86_64 | 1.2.5 | 162.00 | NOTE | |||
r-release-windows-x86_64 | 1.2.5 | 113.00 | 273.00 | 386.00 | NOTE | |
r-oldrel-macos-arm64 | 1.2.5 | 129.00 | NOTE | |||
r-oldrel-macos-x86_64 | 1.2.5 | 177.00 | NOTE | |||
r-oldrel-windows-ix86+x86_64 | 1.2.5 | 151.00 | 512.00 | 663.00 | NOTE |
Version: 1.2.5
Check: installed package size
Result: NOTE
installed size is 13.9Mb
sub-directories of 1Mb or more:
libs 11.9Mb
Flavors: r-devel-linux-x86_64-fedora-clang, r-devel-windows-x86_64, r-release-macos-arm64, r-release-macos-x86_64, r-release-windows-x86_64, r-oldrel-macos-arm64, r-oldrel-macos-x86_64, r-oldrel-windows-ix86+x86_64