Last updated on 2022-06-29 07:51:36 CEST.
Flavor | Version | Tinstall | Tcheck | Ttotal | Status | Flags |
---|---|---|---|---|---|---|
r-devel-linux-x86_64-debian-clang | 0.1.1 | 3.68 | 33.83 | 37.51 | NOTE | |
r-devel-linux-x86_64-debian-gcc | 0.1.1 | 2.89 | 26.17 | 29.06 | NOTE | |
r-devel-linux-x86_64-fedora-clang | 0.1.1 | 56.10 | WARN | |||
r-devel-linux-x86_64-fedora-gcc | 0.1.1 | 54.58 | WARN | |||
r-devel-windows-x86_64 | 0.1.1 | 11.00 | 61.00 | 72.00 | NOTE | |
r-patched-linux-x86_64 | 0.1.1 | 3.50 | 32.15 | 35.65 | NOTE | |
r-release-linux-x86_64 | 0.1.1 | 3.09 | 32.48 | 35.57 | NOTE | |
r-release-macos-arm64 | 0.1.1 | 20.00 | NOTE | |||
r-release-macos-x86_64 | 0.1.1 | 27.00 | NOTE | |||
r-release-windows-x86_64 | 0.1.1 | 18.00 | 62.00 | 80.00 | NOTE | |
r-oldrel-macos-arm64 | 0.1.1 | 24.00 | NOTE | |||
r-oldrel-macos-x86_64 | 0.1.1 | 35.00 | NOTE | |||
r-oldrel-windows-ix86+x86_64 | 0.1.1 | 8.00 | 59.00 | 67.00 | NOTE |
Version: 0.1.1
Check: LazyData
Result: NOTE
'LazyData' is specified without a 'data' directory
Flavors: r-devel-linux-x86_64-debian-clang, r-devel-linux-x86_64-debian-gcc, r-devel-linux-x86_64-fedora-clang, r-devel-linux-x86_64-fedora-gcc, r-devel-windows-x86_64, r-patched-linux-x86_64, r-release-linux-x86_64, r-release-macos-arm64, r-release-macos-x86_64, r-release-windows-x86_64, r-oldrel-macos-arm64, r-oldrel-macos-x86_64, r-oldrel-windows-ix86+x86_64
Version: 0.1.1
Check: package dependencies
Result: WARN
Requires (indirectly) orphaned package: ‘gtools’
Flavors: r-devel-linux-x86_64-fedora-clang, r-devel-linux-x86_64-fedora-gcc